Last updated on 2025-05-03 22:49:58 CEST.
Flavor | Version | Tinstall | Tcheck | Ttotal | Status | Flags |
---|---|---|---|---|---|---|
r-devel-linux-x86_64-debian-clang | 0.0.2 | 3.19 | 49.70 | 52.89 | OK | |
r-devel-linux-x86_64-debian-gcc | 0.0.2 | 3.10 | 39.50 | 42.60 | OK | |
r-devel-linux-x86_64-fedora-clang | 0.0.2 | 82.69 | NOTE | |||
r-devel-linux-x86_64-fedora-gcc | 0.0.2 | 94.45 | NOTE | |||
r-devel-windows-x86_64 | 0.0.2 | 6.00 | 69.00 | 75.00 | OK | |
r-patched-linux-x86_64 | 0.0.2 | 4.38 | 46.82 | 51.20 | OK | |
r-release-linux-x86_64 | OK | |||||
r-release-macos-arm64 | 0.0.2 | 65.00 | OK | |||
r-release-macos-x86_64 | 0.0.2 | 75.00 | OK | |||
r-release-windows-x86_64 | 0.0.2 | 5.00 | 72.00 | 77.00 | OK | |
r-oldrel-macos-arm64 | 0.0.2 | 36.00 | NOTE | |||
r-oldrel-macos-x86_64 | 0.0.2 | 53.00 | NOTE | |||
r-oldrel-windows-x86_64 | 0.0.2 | 6.00 | 80.00 | 86.00 | NOTE |
Version: 0.0.2
Check: dependencies in R code
Result: NOTE
Namespace in Imports field not imported from: ‘R6’
All declared Imports should be used.
Flavors: r-devel-linux-x86_64-fedora-clang, r-devel-linux-x86_64-fedora-gcc
Version: 0.0.2
Check: LazyData
Result: NOTE
'LazyData' is specified without a 'data' directory
Flavors: r-oldrel-macos-arm64, r-oldrel-macos-x86_64, r-oldrel-windows-x86_64
These binaries (installable software) and packages are in development.
They may not be fully stable and should be used with caution. We make no claims about them.