Last updated on 2025-05-01 14:49:13 CEST.
Flavor | Version | Tinstall | Tcheck | Ttotal | Status | Flags |
---|---|---|---|---|---|---|
r-devel-linux-x86_64-debian-clang | 0.9-4 | 2.44 | 22.73 | 25.17 | NOTE | |
r-devel-linux-x86_64-debian-gcc | 0.9-4 | 2.02 | 18.42 | 20.44 | NOTE | |
r-devel-linux-x86_64-fedora-clang | 0.9-4 | 40.00 | NOTE | |||
r-devel-linux-x86_64-fedora-gcc | 0.9-4 | 37.90 | NOTE | |||
r-devel-windows-x86_64 | 0.9-4 | 4.00 | 44.00 | 48.00 | NOTE | |
r-patched-linux-x86_64 | 0.9-4 | 2.77 | 21.78 | 24.55 | NOTE | |
r-release-linux-x86_64 | NOTE | |||||
r-release-macos-arm64 | 0.9-4 | 18.00 | NOTE | |||
r-release-macos-x86_64 | 0.9-4 | 31.00 | NOTE | |||
r-release-windows-x86_64 | 0.9-4 | 5.00 | 49.00 | 54.00 | NOTE | |
r-oldrel-macos-arm64 | 0.9-4 | 21.00 | NOTE | |||
r-oldrel-macos-x86_64 | 0.9-4 | 23.00 | NOTE | |||
r-oldrel-windows-x86_64 | 0.9-4 | 3.00 | 44.00 | 47.00 | NOTE |
Version: 0.9-4
Check: CRAN incoming feasibility
Result: NOTE
Maintainer: ‘Arne Henningsen <arne.henningsen@gmail.com>’
No Authors@R field in DESCRIPTION.
Please add one, modifying
Authors@R: person(given = "Arne",
family = "Henningsen",
role = c("aut", "cre"),
email = "arne.henningsen@gmail.com")
as necessary.
Flavors: r-devel-linux-x86_64-debian-clang, r-devel-linux-x86_64-debian-gcc
Version: 0.9-4
Check: Rd files
Result: NOTE
checkRd: (-1) solveLP.Rd:119: Escaped LaTeX specials: \&
Flavors: r-devel-linux-x86_64-debian-clang, r-devel-linux-x86_64-debian-gcc, r-devel-linux-x86_64-fedora-clang, r-devel-linux-x86_64-fedora-gcc, r-devel-windows-x86_64, r-patched-linux-x86_64, r-release-linux-x86_64, r-release-macos-arm64, r-release-macos-x86_64, r-release-windows-x86_64, r-oldrel-macos-arm64, r-oldrel-macos-x86_64, r-oldrel-windows-x86_64
These binaries (installable software) and packages are in development.
They may not be fully stable and should be used with caution. We make no claims about them.