CRAN Package Check Results for Package liqueueR

Last updated on 2025-02-16 08:50:51 CET.

Flavor Version Tinstall Tcheck Ttotal Status Flags
r-devel-linux-x86_64-debian-clang 0.0.1 2.31 21.04 23.35 OK
r-devel-linux-x86_64-debian-gcc 0.0.1 1.70 17.78 19.48 OK
r-devel-linux-x86_64-fedora-clang 0.0.1 38.56 OK
r-devel-linux-x86_64-fedora-gcc 0.0.1 36.26 OK
r-devel-macos-arm64 0.0.1 18.00 OK
r-devel-macos-x86_64 0.0.1 43.00 OK
r-devel-windows-x86_64 0.0.1 4.00 49.00 53.00 OK
r-patched-linux-x86_64 0.0.1 2.10 20.47 22.57 NOTE
r-release-linux-x86_64 0.0.1 2.29 20.26 22.55 NOTE
r-release-macos-arm64 0.0.1 21.00 NOTE
r-release-macos-x86_64 0.0.1 34.00 NOTE
r-release-windows-x86_64 0.0.1 4.00 51.00 55.00 NOTE
r-oldrel-macos-arm64 0.0.1 17.00 NOTE
r-oldrel-macos-x86_64 0.0.1 25.00 NOTE
r-oldrel-windows-x86_64 0.0.1 4.00 51.00 55.00 NOTE

Check Details

Version: 0.0.1
Check: LazyData
Result: NOTE 'LazyData' is specified without a 'data' directory Flavors: r-patched-linux-x86_64, r-release-linux-x86_64, r-release-macos-arm64, r-release-macos-x86_64, r-release-windows-x86_64, r-oldrel-macos-arm64, r-oldrel-macos-x86_64, r-oldrel-windows-x86_64

These binaries (installable software) and packages are in development.
They may not be fully stable and should be used with caution. We make no claims about them.