CRAN Package Check Results for Package lira

Last updated on 2025-07-22 07:49:43 CEST.

Flavor Version Tinstall Tcheck Ttotal Status Flags
r-devel-linux-x86_64-debian-clang 2.0.1 2.10 23.06 25.16 NOTE
r-devel-linux-x86_64-debian-gcc 2.0.1 1.99 18.68 20.67 NOTE
r-devel-linux-x86_64-fedora-clang 2.0.1 40.52 OK
r-devel-linux-x86_64-fedora-gcc 2.0.1 38.69 OK
r-devel-windows-x86_64 2.0.1 3.00 49.00 52.00 OK
r-patched-linux-x86_64 2.0.1 2.91 21.90 24.81 OK
r-release-linux-x86_64 2.0.1 2.42 21.92 24.34 OK
r-release-macos-arm64 2.0.1 20.00 OK
r-release-macos-x86_64 2.0.1 35.00 OK
r-release-windows-x86_64 2.0.1 3.00 44.00 47.00 OK
r-oldrel-macos-arm64 2.0.1 16.00 OK
r-oldrel-macos-x86_64 2.0.1 23.00 OK
r-oldrel-windows-x86_64 2.0.1 3.00 48.00 51.00 OK

Check Details

Version: 2.0.1
Check: CRAN incoming feasibility
Result: NOTE Maintainer: ‘Mauro Sereno <mauro.sereno@unibo.it>’ No Authors@R field in DESCRIPTION. Please add one, modifying Authors@R: person(given = "Mauro", family = "Sereno", role = c("aut", "cre"), email = "mauro.sereno@unibo.it") as necessary. Flavors: r-devel-linux-x86_64-debian-clang, r-devel-linux-x86_64-debian-gcc

These binaries (installable software) and packages are in development.
They may not be fully stable and should be used with caution. We make no claims about them.