Last updated on 2025-10-23 21:51:31 CEST.
Flavor | Version | Tinstall | Tcheck | Ttotal | Status | Flags |
---|---|---|---|---|---|---|
r-devel-linux-x86_64-debian-clang | 9.2.6 | 35.21 | 145.12 | 180.33 | OK | |
r-devel-linux-x86_64-debian-gcc | 9.2.6 | 22.78 | 94.32 | 117.10 | NOTE | |
r-devel-linux-x86_64-fedora-clang | 9.2.6 | 92.00 | 196.02 | 288.02 | OK | |
r-devel-linux-x86_64-fedora-gcc | 9.2.6 | 75.00 | 211.44 | 286.44 | OK | |
r-devel-windows-x86_64 | 9.2.6 | 40.00 | 141.00 | 181.00 | OK | |
r-patched-linux-x86_64 | 9.2.6 | 37.75 | 134.83 | 172.58 | OK | |
r-release-linux-x86_64 | 9.2.6 | 36.47 | 134.66 | 171.13 | OK | |
r-release-macos-arm64 | 9.2.6 | 22.00 | 127.00 | 149.00 | OK | |
r-release-macos-x86_64 | 9.2.6 | 39.00 | 136.00 | 175.00 | OK | |
r-release-windows-x86_64 | 9.2.6 | 39.00 | 142.00 | 181.00 | OK | |
r-oldrel-macos-arm64 | 9.2.6 | 15.00 | 62.00 | 77.00 | OK | |
r-oldrel-macos-x86_64 | 9.2.6 | 23.00 | 94.00 | 117.00 | OK | |
r-oldrel-windows-x86_64 | 9.2.6 | 52.00 | 175.00 | 227.00 | OK |
Version: 9.2.6
Check: Rd files
Result: NOTE
checkRd: (-1) affirm.Rd:11-17: Only 4 columns allowed in this table (row 5 has 3)
checkRd: (-1) mexico.Rd:9-44: Only 4 columns allowed in this table (row 4 has 3)
checkRd: (-1) mexico.Rd:9-44: Only 4 columns allowed in this table (row 8 has 3)
checkRd: (-1) mexico.Rd:9-44: Only 4 columns allowed in this table (row 21 has 3)
checkRd: (-1) mis.Rd:11-27: Only 4 columns allowed in this table (row 6 has 3)
checkRd: (-1) multi.Rd:11-17: Only 4 columns allowed in this table (row 5 has 3)
checkRd: (-1) race.Rd:11-17: Only 4 columns allowed in this table (row 5 has 3)
Flavor: r-devel-linux-x86_64-debian-gcc
These binaries (installable software) and packages are in development.
They may not be fully stable and should be used with caution. We make no claims about them.