CRAN Package Check Results for Package listArray

Last updated on 2025-05-03 22:49:58 CEST.

Flavor Version Tinstall Tcheck Ttotal Status Flags
r-devel-linux-x86_64-debian-clang 0.1.1 1.64 24.43 26.07 OK
r-devel-linux-x86_64-debian-gcc 0.1.1 1.38 20.57 21.95 OK
r-devel-linux-x86_64-fedora-clang 0.1.1 40.71 OK
r-devel-linux-x86_64-fedora-gcc 0.1.1 52.85 OK
r-devel-windows-x86_64 0.1.1 3.00 52.00 55.00 OK
r-patched-linux-x86_64 0.1.1 1.82 22.59 24.41 OK
r-release-linux-x86_64 OK
r-release-macos-arm64 0.1.1 22.00 OK
r-release-macos-x86_64 0.1.1 43.00 OK
r-release-windows-x86_64 0.1.1 3.00 53.00 56.00 OK
r-oldrel-macos-arm64 0.1.1 22.00 NOTE
r-oldrel-macos-x86_64 0.1.1 33.00 NOTE
r-oldrel-windows-x86_64 0.1.1 3.00 56.00 59.00 NOTE

Check Details

Version: 0.1.1
Check: LazyData
Result: NOTE 'LazyData' is specified without a 'data' directory Flavors: r-oldrel-macos-arm64, r-oldrel-macos-x86_64, r-oldrel-windows-x86_64

These binaries (installable software) and packages are in development.
They may not be fully stable and should be used with caution. We make no claims about them.