Last updated on 2025-10-23 11:50:18 CEST.
Flavor | Version | Tinstall | Tcheck | Ttotal | Status | Flags |
---|---|---|---|---|---|---|
r-devel-linux-x86_64-debian-clang | 0.4.0 | 2.52 | 38.23 | 40.75 | NOTE | |
r-devel-linux-x86_64-debian-gcc | 0.4.0 | 2.04 | 27.26 | 29.30 | NOTE | |
r-devel-linux-x86_64-fedora-clang | 0.4.0 | 62.98 | OK | |||
r-devel-linux-x86_64-fedora-gcc | 0.4.0 | 74.29 | OK | |||
r-devel-windows-x86_64 | 0.4.0 | 3.00 | 55.00 | 58.00 | OK | |
r-patched-linux-x86_64 | 0.4.0 | 2.64 | 35.17 | 37.81 | OK | |
r-release-linux-x86_64 | 0.4.0 | 2.69 | 35.36 | 38.05 | OK | |
r-release-macos-arm64 | 0.4.0 | 1.00 | 24.00 | 25.00 | OK | |
r-release-macos-x86_64 | 0.4.0 | 2.00 | 51.00 | 53.00 | OK | |
r-release-windows-x86_64 | 0.4.0 | 3.00 | 55.00 | 58.00 | OK | |
r-oldrel-macos-arm64 | 0.4.0 | 1.00 | 23.00 | 24.00 | OK | |
r-oldrel-macos-x86_64 | 0.4.0 | 2.00 | 37.00 | 39.00 | OK | |
r-oldrel-windows-x86_64 | 0.4.0 | 5.00 | 62.00 | 67.00 | OK |
Version: 0.4.0
Check: CRAN incoming feasibility
Result: NOTE
Maintainer: ‘Patrick Roocks <mail@p-roocks.de>’
No Authors@R field in DESCRIPTION.
Please add one, modifying
Authors@R: person(given = "Patrick",
family = "Roocks",
role = c("aut", "cre"),
email = "mail@p-roocks.de")
as necessary.
Flavors: r-devel-linux-x86_64-debian-clang, r-devel-linux-x86_64-debian-gcc
These binaries (installable software) and packages are in development.
They may not be fully stable and should be used with caution. We make no claims about them.