Last updated on 2025-05-01 14:49:13 CEST.
Flavor | Version | Tinstall | Tcheck | Ttotal | Status | Flags |
---|---|---|---|---|---|---|
r-devel-linux-x86_64-debian-clang | 0.5.7 | 5.00 | 56.26 | 61.26 | NOTE | |
r-devel-linux-x86_64-debian-gcc | 0.5.7 | 3.59 | 42.08 | 45.67 | NOTE | |
r-devel-linux-x86_64-fedora-clang | 0.5.7 | 94.95 | NOTE | |||
r-devel-linux-x86_64-fedora-gcc | 0.5.7 | 106.75 | NOTE | |||
r-devel-windows-x86_64 | 0.5.7 | 6.00 | 88.00 | 94.00 | NOTE | |
r-patched-linux-x86_64 | 0.5.7 | 4.53 | 53.94 | 58.47 | NOTE | |
r-release-linux-x86_64 | NOTE | |||||
r-release-macos-arm64 | 0.5.7 | 72.00 | NOTE | |||
r-release-macos-x86_64 | 0.5.7 | 86.00 | NOTE | |||
r-release-windows-x86_64 | 0.5.7 | 7.00 | 92.00 | 99.00 | NOTE | |
r-oldrel-macos-arm64 | 0.5.7 | 36.00 | NOTE | |||
r-oldrel-macos-x86_64 | 0.5.7 | 58.00 | NOTE | |||
r-oldrel-windows-x86_64 | 0.5.7 | 7.00 | 94.00 | 101.00 | NOTE |
Version: 0.5.7
Check: Rd files
Result: NOTE
checkRd: (-1) ld_build_html_site.Rd:41: Lost braces
41 | directory specified by `rmd_dir`. Note that this is an {{rmarkdown}}
| ^
checkRd: (-1) ld_create_doc.Rd:29: Lost braces
29 | directory specified by `rmd_dir`. Note that this is an {{rmarkdown}}
| ^
Flavors: r-devel-linux-x86_64-debian-clang, r-devel-linux-x86_64-debian-gcc, r-devel-linux-x86_64-fedora-clang, r-devel-linux-x86_64-fedora-gcc, r-devel-windows-x86_64, r-patched-linux-x86_64, r-release-linux-x86_64, r-release-macos-arm64, r-release-macos-x86_64, r-release-windows-x86_64, r-oldrel-macos-arm64, r-oldrel-macos-x86_64, r-oldrel-windows-x86_64
These binaries (installable software) and packages are in development.
They may not be fully stable and should be used with caution. We make no claims about them.