Last updated on 2024-07-27 15:50:22 CEST.
Flavor | Version | Tinstall | Tcheck | Ttotal | Status | Flags |
---|---|---|---|---|---|---|
r-devel-linux-x86_64-debian-clang | 0.5.7 | 5.25 | 68.94 | 74.19 | NOTE | |
r-devel-linux-x86_64-debian-gcc | 0.5.7 | NOTE | ||||
r-devel-linux-x86_64-fedora-clang | 0.5.7 | 97.53 | NOTE | |||
r-devel-linux-x86_64-fedora-gcc | 0.5.7 | 103.72 | NOTE | |||
r-devel-windows-x86_64 | 0.5.7 | 8.00 | 79.00 | 87.00 | NOTE | |
r-patched-linux-x86_64 | 0.5.7 | NOTE | ||||
r-release-linux-x86_64 | 0.5.7 | 6.63 | 66.02 | 72.65 | NOTE | |
r-release-macos-arm64 | 0.5.7 | 36.00 | NOTE | |||
r-release-macos-x86_64 | 0.5.7 | 58.00 | NOTE | |||
r-release-windows-x86_64 | 0.5.7 | 7.00 | 79.00 | 86.00 | NOTE | |
r-oldrel-macos-arm64 | 0.5.7 | 40.00 | OK | |||
r-oldrel-macos-x86_64 | 0.5.7 | 56.00 | OK | |||
r-oldrel-windows-x86_64 | 0.5.7 | 8.00 | 90.00 | 98.00 | OK |
Version: 0.5.7
Check: Rd files
Result: NOTE
checkRd: (-1) ld_build_html_site.Rd:41: Lost braces
41 | directory specified by `rmd_dir`. Note that this is an {{rmarkdown}}
| ^
checkRd: (-1) ld_create_doc.Rd:29: Lost braces
29 | directory specified by `rmd_dir`. Note that this is an {{rmarkdown}}
| ^
Flavors: r-devel-linux-x86_64-debian-clang, r-devel-linux-x86_64-debian-gcc, r-devel-linux-x86_64-fedora-clang, r-devel-linux-x86_64-fedora-gcc, r-devel-windows-x86_64, r-patched-linux-x86_64, r-release-linux-x86_64, r-release-macos-arm64, r-release-macos-x86_64, r-release-windows-x86_64
These binaries (installable software) and packages are in development.
They may not be fully stable and should be used with caution. We make no claims about them.