Last updated on 2025-10-23 17:50:52 CEST.
Flavor | Version | Tinstall | Tcheck | Ttotal | Status | Flags |
---|---|---|---|---|---|---|
r-devel-linux-x86_64-debian-clang | 0.9.1 | 2.54 | 33.59 | 36.13 | NOTE | |
r-devel-linux-x86_64-debian-gcc | 0.9.1 | 1.77 | 26.01 | 27.78 | OK | |
r-devel-linux-x86_64-fedora-clang | 0.9.1 | 60.85 | OK | |||
r-devel-linux-x86_64-fedora-gcc | 0.9.1 | 68.24 | OK | |||
r-devel-windows-x86_64 | 0.9.1 | 6.00 | 56.00 | 62.00 | OK | |
r-patched-linux-x86_64 | 0.9.1 | 2.72 | 31.79 | 34.51 | OK | |
r-release-linux-x86_64 | 0.9.1 | 2.56 | 32.08 | 34.64 | OK | |
r-release-macos-arm64 | 0.9.1 | 2.00 | 27.00 | 29.00 | OK | |
r-release-macos-x86_64 | 0.9.1 | 3.00 | 60.00 | 63.00 | OK | |
r-release-windows-x86_64 | 0.9.1 | 4.00 | 56.00 | 60.00 | OK | |
r-oldrel-macos-arm64 | 0.9.1 | 1.00 | 34.00 | 35.00 | OK | |
r-oldrel-macos-x86_64 | 0.9.1 | 3.00 | 40.00 | 43.00 | OK | |
r-oldrel-windows-x86_64 | 0.9.1 | 4.00 | 62.00 | 66.00 | OK |
Version: 0.9.1
Check: HTML version of manual
Result: NOTE
Found the following HTML validation problems:
cash-set-.listenv.html:55:1 (cash-set-.listenv.Rd:16): Warning: missing </ul> before </div>
length.listenv.html:47:1 (length.listenv.Rd:11): Warning: missing </ul> before </div>
names.listenv.html:47:1 (names.listenv.Rd:11): Warning: missing </ul> before </div>
Flavor: r-devel-linux-x86_64-debian-clang
These binaries (installable software) and packages are in development.
They may not be fully stable and should be used with caution. We make no claims about them.