CRAN Package Check Results for Package litedown

Last updated on 2025-07-11 17:48:28 CEST.

Flavor Version Tinstall Tcheck Ttotal Status Flags
r-devel-linux-x86_64-debian-clang 0.7 6.15 42.82 48.97 NOTE
r-devel-linux-x86_64-debian-gcc 0.7 4.24 31.41 35.65 NOTE
r-devel-linux-x86_64-fedora-clang 0.7 74.68 OK
r-devel-linux-x86_64-fedora-gcc 0.7 87.34 OK
r-devel-windows-x86_64 0.7 9.00 58.00 67.00 OK
r-patched-linux-x86_64 0.7 6.47 38.06 44.53 OK
r-release-linux-x86_64 0.7 4.97 37.31 42.28 OK
r-release-macos-arm64 0.7 80.00 OK
r-release-macos-x86_64 0.7 113.00 OK
r-release-windows-x86_64 0.7 8.00 57.00 65.00 OK
r-oldrel-macos-arm64 0.7 72.00 OK
r-oldrel-macos-x86_64 0.7 128.00 OK
r-oldrel-windows-x86_64 0.7 10.00 63.00 73.00 OK

Check Details

Version: 0.7
Check: DESCRIPTION meta-information
Result: NOTE Author field differs from that derived from Authors@R Author: ‘Yihui Xie [aut, cre] (<https://orcid.org/0000-0003-0645-5666>, https://yihui.org), Tim Taylor [ctb] (<https://orcid.org/0000-0002-8587-7113>)’ Authors@R: ‘Yihui Xie [aut, cre] (ORCID: <https://orcid.org/0000-0003-0645-5666>, URL: https://yihui.org), Tim Taylor [ctb] (ORCID: <https://orcid.org/0000-0002-8587-7113>)’ Flavors: r-devel-linux-x86_64-debian-clang, r-devel-linux-x86_64-debian-gcc

These binaries (installable software) and packages are in development.
They may not be fully stable and should be used with caution. We make no claims about them.