Last updated on 2025-07-27 03:50:09 CEST.
Flavor | Version | Tinstall | Tcheck | Ttotal | Status | Flags |
---|---|---|---|---|---|---|
r-devel-linux-x86_64-debian-clang | 1.1.0 | 3.63 | 38.47 | 42.10 | NOTE | |
r-devel-linux-x86_64-debian-gcc | 1.1.0 | 2.99 | 30.47 | 33.46 | NOTE | |
r-devel-linux-x86_64-fedora-clang | 1.1.0 | 66.10 | OK | |||
r-devel-linux-x86_64-fedora-gcc | 1.1.0 | 60.65 | OK | |||
r-devel-windows-x86_64 | 1.1.0 | 7.00 | 55.00 | 62.00 | OK | |
r-patched-linux-x86_64 | 1.1.0 | 4.38 | 35.23 | 39.61 | OK | |
r-release-linux-x86_64 | 1.1.0 | 3.64 | 35.17 | 38.81 | OK | |
r-release-macos-arm64 | 1.1.0 | 34.00 | OK | |||
r-release-macos-x86_64 | 1.1.0 | 43.00 | OK | |||
r-release-windows-x86_64 | 1.1.0 | 6.00 | 57.00 | 63.00 | OK | |
r-oldrel-macos-arm64 | 1.1.0 | 22.00 | NOTE | |||
r-oldrel-macos-x86_64 | 1.1.0 | 33.00 | NOTE | |||
r-oldrel-windows-x86_64 | 1.1.0 | 7.00 | 63.00 | 70.00 | NOTE |
Version: 1.1.0
Check: CRAN incoming feasibility
Result: NOTE
Maintainer: ‘Gábor Csárdi <csardi.gabor@gmail.com>’
No Authors@R field in DESCRIPTION.
Please add one, modifying
Authors@R: person(given = "Gábor",
family = "Csárdi",
role = c("aut", "cre"),
email = "csardi.gabor@gmail.com")
as necessary.
Flavors: r-devel-linux-x86_64-debian-clang, r-devel-linux-x86_64-debian-gcc
Version: 1.1.0
Check: LazyData
Result: NOTE
'LazyData' is specified without a 'data' directory
Flavors: r-oldrel-macos-arm64, r-oldrel-macos-x86_64, r-oldrel-windows-x86_64
These binaries (installable software) and packages are in development.
They may not be fully stable and should be used with caution. We make no claims about them.