CRAN Package Check Results for Package literanger

Last updated on 2025-07-02 03:50:44 CEST.

Flavor Version Tinstall Tcheck Ttotal Status Flags
r-devel-linux-x86_64-debian-clang 0.1.1 58.90 30.09 88.99 OK
r-devel-linux-x86_64-debian-gcc 0.1.1 53.19 24.23 77.42 WARN
r-devel-linux-x86_64-fedora-clang 0.1.1 132.64 OK
r-devel-linux-x86_64-fedora-gcc 0.1.1 174.37 OK
r-devel-windows-x86_64 0.1.1 60.00 69.00 129.00 WARN
r-patched-linux-x86_64 OK
r-release-linux-x86_64 0.1.1 68.60 27.21 95.81 OK
r-release-macos-arm64 0.1.1 41.00 OK
r-release-macos-x86_64 0.1.1 77.00 OK
r-release-windows-x86_64 0.1.1 63.00 69.00 132.00 OK
r-oldrel-macos-arm64 0.1.1 48.00 NOTE
r-oldrel-macos-x86_64 0.1.1 62.00 NOTE
r-oldrel-windows-x86_64 0.1.1 64.00 89.00 153.00 OK

Check Details

Version: 0.1.1
Check: whether package can be installed
Result: WARN Found the following significant warnings: /usr/include/c++/14/bits/stl_algobase.h:452:30: warning: ‘void* __builtin_memmove(void*, const void*, long unsigned int)’ forming offset 8 is out of the bounds [0, 8] [-Warray-bounds=] See ‘/home/hornik/tmp/R.check/r-devel-gcc/Work/PKGS/literanger.Rcheck/00install.out’ for details. * used C++ compiler: ‘g++-14 (Debian 14.2.0-19) 14.2.0’ Flavor: r-devel-linux-x86_64-debian-gcc

Version: 0.1.1
Check: whether package can be installed
Result: WARN Found the following significant warnings: D:/rtools45/x86_64-w64-mingw32.static.posix/lib/gcc/x86_64-w64-mingw32.static.posix/14.2.0/include/c++/bits/stl_algobase.h:452:30: warning: 'void* __builtin_memmove(void*, const void*, long long unsigned int)' forming offset 8 is out of the bounds [0, 8] [-Warray-bounds=] See 'd:/Rcompile/CRANpkg/local/4.6/literanger.Rcheck/00install.out' for details. * used C++ compiler: 'g++.exe (GCC) 14.2.0' Flavor: r-devel-windows-x86_64

Version: 0.1.1
Check: installed package size
Result: NOTE installed size is 10.4Mb sub-directories of 1Mb or more: libs 10.3Mb Flavors: r-oldrel-macos-arm64, r-oldrel-macos-x86_64

These binaries (installable software) and packages are in development.
They may not be fully stable and should be used with caution. We make no claims about them.