Last updated on 2025-11-13 01:50:25 CET.
| Flavor | Version | Tinstall | Tcheck | Ttotal | Status | Flags |
|---|---|---|---|---|---|---|
| r-devel-linux-x86_64-debian-clang | 0.2.0 | 67.61 | 31.66 | 99.27 | OK | |
| r-devel-linux-x86_64-debian-gcc | 0.2.0 | 60.12 | 25.47 | 85.59 | OK | |
| r-devel-linux-x86_64-fedora-clang | 0.2.0 | 115.00 | 37.79 | 152.79 | OK | |
| r-devel-linux-x86_64-fedora-gcc | 0.2.0 | 74.00 | 128.97 | 202.97 | OK | |
| r-devel-windows-x86_64 | 0.2.0 | 72.00 | 66.00 | 138.00 | WARN | |
| r-patched-linux-x86_64 | 0.2.0 | 81.87 | 29.32 | 111.19 | OK | |
| r-release-linux-x86_64 | 0.2.0 | 81.76 | 29.11 | 110.87 | OK | |
| r-release-macos-arm64 | 0.2.0 | 29.00 | 18.00 | 47.00 | OK | |
| r-release-macos-x86_64 | 0.2.0 | 41.00 | 31.00 | 72.00 | OK | |
| r-release-windows-x86_64 | 0.2.0 | 77.00 | 69.00 | 146.00 | OK | |
| r-oldrel-macos-arm64 | 0.2.0 | 26.00 | 22.00 | 48.00 | NOTE | |
| r-oldrel-macos-x86_64 | 0.2.0 | 35.00 | 34.00 | 69.00 | NOTE | |
| r-oldrel-windows-x86_64 | 0.2.0 | 76.00 | 86.00 | 162.00 | OK |
Version: 0.2.0
Check: whether package can be installed
Result: WARN
Found the following significant warnings:
D:/rtools45/x86_64-w64-mingw32.static.posix/lib/gcc/x86_64-w64-mingw32.static.posix/14.3.0/include/c++/bits/stl_algobase.h:452:30: warning: 'void* __builtin_memmove(void*, const void*, long long unsigned int)' forming offset 8 is out of the bounds [0, 8] [-Warray-bounds=]
See 'd:/Rcompile/CRANpkg/local/4.6/literanger.Rcheck/00install.out' for details.
* used C++ compiler: 'g++.exe (GCC) 14.3.0'
Flavor: r-devel-windows-x86_64
Version: 0.2.0
Check: installed package size
Result: NOTE
installed size is 10.5Mb
sub-directories of 1Mb or more:
libs 10.3Mb
Flavors: r-oldrel-macos-arm64, r-oldrel-macos-x86_64
These binaries (installable software) and packages are in development.
They may not be fully stable and should be used with caution. We make no claims about them.