CRAN Package Check Results for Package litteR

Last updated on 2025-07-02 03:50:44 CEST.

Flavor Version Tinstall Tcheck Ttotal Status Flags
r-devel-linux-x86_64-debian-clang 1.0.0 9.73 81.08 90.81 NOTE
r-devel-linux-x86_64-debian-gcc 1.0.0 7.55 67.20 74.75 NOTE
r-devel-linux-x86_64-fedora-clang 1.0.0 141.55 NOTE
r-devel-linux-x86_64-fedora-gcc 1.0.0 147.70 NOTE
r-devel-windows-x86_64 1.0.0 10.00 93.00 103.00 NOTE
r-patched-linux-x86_64 NOTE
r-release-linux-x86_64 1.0.0 8.59 69.89 78.48 NOTE
r-release-macos-arm64 1.0.0 53.00 NOTE
r-release-macos-x86_64 1.0.0 97.00 NOTE
r-release-windows-x86_64 1.0.0 12.00 89.00 101.00 NOTE
r-oldrel-macos-arm64 1.0.0 53.00 NOTE
r-oldrel-macos-x86_64 1.0.0 113.00 NOTE
r-oldrel-windows-x86_64 1.0.0 14.00 112.00 126.00 NOTE

Check Details

Version: 1.0.0
Check: Rd files
Result: NOTE checkRd: (-1) is_natural_number.Rd:17: Lost braces; missing escapes or markup? 17 | Test for natural numbers according to ISO 80000-2, that is the set {0, 1, 2, ...} | ^ Flavors: r-devel-linux-x86_64-debian-clang, r-devel-linux-x86_64-debian-gcc, r-devel-linux-x86_64-fedora-clang, r-devel-linux-x86_64-fedora-gcc, r-devel-windows-x86_64, r-patched-linux-x86_64, r-release-linux-x86_64, r-release-macos-arm64, r-release-macos-x86_64, r-release-windows-x86_64, r-oldrel-macos-arm64, r-oldrel-macos-x86_64, r-oldrel-windows-x86_64

Version: 1.0.0
Check: Rd cross-references
Result: NOTE Found the following Rd file(s) with Rd \link{} targets missing package anchors: list_duplicates.Rd: tibble Please provide package anchors for all Rd \link{} targets not in the package itself and the base packages. Flavors: r-devel-linux-x86_64-debian-clang, r-devel-linux-x86_64-debian-gcc, r-devel-windows-x86_64, r-patched-linux-x86_64, r-release-linux-x86_64, r-release-windows-x86_64

These binaries (installable software) and packages are in development.
They may not be fully stable and should be used with caution. We make no claims about them.