CRAN Package Check Results for Package litteR

Last updated on 2025-02-16 08:50:51 CET.

Flavor Version Tinstall Tcheck Ttotal Status Flags
r-devel-linux-x86_64-debian-clang 1.0.0 8.29 66.44 74.73 NOTE
r-devel-linux-x86_64-debian-gcc 1.0.0 5.35 50.96 56.31 NOTE
r-devel-linux-x86_64-fedora-clang 1.0.0 125.48 NOTE
r-devel-linux-x86_64-fedora-gcc 1.0.0 127.33 NOTE
r-devel-macos-arm64 1.0.0 52.00 NOTE
r-devel-macos-x86_64 1.0.0 97.00 NOTE
r-devel-windows-x86_64 1.0.0 11.00 86.00 97.00 NOTE
r-patched-linux-x86_64 1.0.0 14.02 62.75 76.77 NOTE
r-release-linux-x86_64 1.0.0 7.46 61.86 69.32 NOTE
r-release-macos-arm64 1.0.0 53.00 NOTE
r-release-macos-x86_64 1.0.0 113.00 NOTE
r-release-windows-x86_64 1.0.0 12.00 94.00 106.00 NOTE
r-oldrel-macos-arm64 1.0.0 42.00 OK
r-oldrel-macos-x86_64 1.0.0 59.00 OK
r-oldrel-windows-x86_64 1.0.0 12.00 95.00 107.00 OK

Check Details

Version: 1.0.0
Check: Rd files
Result: NOTE checkRd: (-1) is_natural_number.Rd:17: Lost braces; missing escapes or markup? 17 | Test for natural numbers according to ISO 80000-2, that is the set {0, 1, 2, ...} | ^ Flavors: r-devel-linux-x86_64-debian-clang, r-devel-linux-x86_64-debian-gcc, r-devel-linux-x86_64-fedora-clang, r-devel-linux-x86_64-fedora-gcc, r-devel-macos-arm64, r-devel-macos-x86_64, r-devel-windows-x86_64, r-patched-linux-x86_64, r-release-linux-x86_64, r-release-macos-arm64, r-release-macos-x86_64, r-release-windows-x86_64

Version: 1.0.0
Check: Rd cross-references
Result: NOTE Found the following Rd file(s) with Rd \link{} targets missing package anchors: list_duplicates.Rd: tibble Please provide package anchors for all Rd \link{} targets not in the package itself and the base packages. Flavors: r-devel-linux-x86_64-debian-clang, r-devel-linux-x86_64-debian-gcc, r-devel-windows-x86_64

These binaries (installable software) and packages are in development.
They may not be fully stable and should be used with caution. We make no claims about them.