Last updated on 2025-02-16 08:50:51 CET.
Flavor | Version | Tinstall | Tcheck | Ttotal | Status | Flags |
---|---|---|---|---|---|---|
r-devel-linux-x86_64-debian-clang | 1.5.13 | 11.07 | 141.52 | 152.59 | OK | |
r-devel-linux-x86_64-debian-gcc | 1.5.13 | 7.53 | 102.11 | 109.64 | OK | |
r-devel-linux-x86_64-fedora-clang | 1.5.13 | 240.34 | NOTE | |||
r-devel-linux-x86_64-fedora-gcc | 1.5.13 | 234.80 | NOTE | |||
r-devel-macos-arm64 | 1.5.13 | 71.00 | OK | |||
r-devel-macos-x86_64 | 1.5.13 | 130.00 | OK | |||
r-devel-windows-x86_64 | 1.5.13 | 12.00 | 141.00 | 153.00 | OK | |
r-patched-linux-x86_64 | 1.5.13 | 10.83 | 128.62 | 139.45 | OK | |
r-release-linux-x86_64 | 1.5.13 | 9.25 | 128.19 | 137.44 | OK | |
r-release-macos-arm64 | 1.5.13 | 74.00 | OK | |||
r-release-macos-x86_64 | 1.5.13 | 103.00 | OK | |||
r-release-windows-x86_64 | 1.5.13 | 12.00 | 141.00 | 153.00 | OK | |
r-oldrel-macos-arm64 | 1.5.13 | 77.00 | OK | |||
r-oldrel-macos-x86_64 | 1.5.13 | 144.00 | OK | |||
r-oldrel-windows-x86_64 | 1.5.13 | 16.00 | 193.00 | 209.00 | OK |
Version: 1.5.13
Check: dependencies in R code
Result: NOTE
Namespace in Imports field not imported from: ‘e1071’
All declared Imports should be used.
Flavors: r-devel-linux-x86_64-fedora-clang, r-devel-linux-x86_64-fedora-gcc
These binaries (installable software) and packages are in development.
They may not be fully stable and should be used with caution. We make no claims about them.