Last updated on 2025-05-22 06:51:49 CEST.
Flavor | Version | Tinstall | Tcheck | Ttotal | Status | Flags |
---|---|---|---|---|---|---|
r-devel-linux-x86_64-debian-clang | 0.10.1 | 15.25 | 137.49 | 152.74 | NOTE | |
r-devel-linux-x86_64-debian-gcc | 0.10.1 | 10.99 | 93.50 | 104.49 | NOTE | |
r-devel-linux-x86_64-fedora-clang | 0.10.1 | 242.11 | OK | |||
r-devel-linux-x86_64-fedora-gcc | 0.10.1 | 225.28 | OK | |||
r-devel-windows-x86_64 | 0.10.1 | 18.00 | 140.00 | 158.00 | OK | |
r-patched-linux-x86_64 | 0.10.1 | 15.79 | 129.20 | 144.99 | OK | |
r-release-linux-x86_64 | 0.10.1 | 12.41 | 128.54 | 140.95 | OK | |
r-release-macos-arm64 | 0.10.1 | 60.00 | OK | |||
r-release-macos-x86_64 | 0.10.1 | 115.00 | OK | |||
r-release-windows-x86_64 | 0.10.1 | 16.00 | 142.00 | 158.00 | OK | |
r-oldrel-macos-arm64 | 0.10.1 | 64.00 | OK | |||
r-oldrel-macos-x86_64 | 0.10.1 | 103.00 | OK | |||
r-oldrel-windows-x86_64 | 0.10.1 | 22.00 | 177.00 | 199.00 | OK |
Version: 0.10.1
Check: CRAN incoming feasibility
Result: NOTE
Maintainer: ‘Lars Kotthoff <larsko@uwyo.edu>’
No Authors@R field in DESCRIPTION.
Please add one, modifying
Authors@R: c(person(given = "Lars",
family = "Kotthoff",
role = c("aut", "cre"),
email = "larsko@uwyo.edu"),
person(given = "Bernd",
family = "Bischl",
role = "aut"),
person(given = "Barry",
family = "Hurley",
role = "ctb"),
person(given = "Talal",
family = "Rahwan",
role = "ctb"),
person(given = "Damir",
family = "Pulatov",
role = "ctb"))
as necessary.
Flavors: r-devel-linux-x86_64-debian-clang, r-devel-linux-x86_64-debian-gcc
These binaries (installable software) and packages are in development.
They may not be fully stable and should be used with caution. We make no claims about them.