CRAN Package Check Results for Package llbayesireg

Last updated on 2025-07-22 19:51:52 CEST.

Flavor Version Tinstall Tcheck Ttotal Status Flags
r-devel-linux-x86_64-debian-clang 1.0.0 21.89 137.06 158.95 NOTE
r-devel-linux-x86_64-debian-gcc 1.0.0 19.55 103.49 123.04 NOTE
r-devel-linux-x86_64-fedora-clang 1.0.0 246.89 NOTE
r-devel-linux-x86_64-fedora-gcc 1.0.0 245.10 NOTE
r-devel-windows-x86_64 1.0.0 19.00 119.00 138.00 NOTE
r-patched-linux-x86_64 1.0.0 25.30 135.16 160.46 NOTE
r-release-linux-x86_64 1.0.0 24.79 132.91 157.70 NOTE
r-release-macos-arm64 1.0.0 61.00 NOTE
r-release-macos-x86_64 1.0.0 129.00 NOTE
r-release-windows-x86_64 1.0.0 18.00 123.00 141.00 NOTE
r-oldrel-macos-arm64 1.0.0 63.00 NOTE
r-oldrel-macos-x86_64 1.0.0 118.00 NOTE
r-oldrel-windows-x86_64 1.0.0 25.00 157.00 182.00 NOTE

Check Details

Version: 1.0.0
Check: Rd files
Result: NOTE checkRd: (-1) MHDI.Rd:23: Escaped LaTeX specials: \& Flavors: r-devel-linux-x86_64-debian-clang, r-devel-linux-x86_64-debian-gcc, r-devel-linux-x86_64-fedora-clang, r-devel-linux-x86_64-fedora-gcc, r-devel-windows-x86_64, r-patched-linux-x86_64, r-release-linux-x86_64, r-release-macos-arm64, r-release-macos-x86_64, r-release-windows-x86_64, r-oldrel-macos-arm64, r-oldrel-macos-x86_64, r-oldrel-windows-x86_64

These binaries (installable software) and packages are in development.
They may not be fully stable and should be used with caution. We make no claims about them.