CRAN Package Check Results for Package llogistic

Last updated on 2025-07-02 01:51:42 CEST.

Flavor Version Tinstall Tcheck Ttotal Status Flags
r-devel-linux-x86_64-debian-clang 1.0.3 1.62 17.32 18.94 OK
r-devel-linux-x86_64-debian-gcc 1.0.3 1.33 14.61 15.94 OK
r-devel-linux-x86_64-fedora-clang 1.0.3 29.22 OK
r-devel-linux-x86_64-fedora-gcc 1.0.3 28.54 OK
r-devel-windows-x86_64 1.0.3 4.00 38.00 42.00 OK
r-patched-linux-x86_64 OK
r-release-linux-x86_64 1.0.3 1.46 16.33 17.79 OK
r-release-macos-arm64 1.0.3 15.00 OK
r-release-macos-x86_64 1.0.3 28.00 OK
r-release-windows-x86_64 1.0.3 3.00 40.00 43.00 OK
r-oldrel-macos-arm64 1.0.3 14.00 NOTE
r-oldrel-macos-x86_64 1.0.3 20.00 NOTE
r-oldrel-windows-x86_64 1.0.3 4.00 37.00 41.00 NOTE

Check Details

Version: 1.0.3
Check: LazyData
Result: NOTE 'LazyData' is specified without a 'data' directory Flavors: r-oldrel-macos-arm64, r-oldrel-macos-x86_64, r-oldrel-windows-x86_64

These binaries (installable software) and packages are in development.
They may not be fully stable and should be used with caution. We make no claims about them.