Last updated on 2025-02-16 08:50:51 CET.
Flavor | Version | Tinstall | Tcheck | Ttotal | Status | Flags |
---|---|---|---|---|---|---|
r-devel-linux-x86_64-debian-clang | 1.7-2 | 1.67 | 26.08 | 27.75 | NOTE | |
r-devel-linux-x86_64-debian-gcc | 1.7-2 | 1.43 | 21.66 | 23.09 | NOTE | |
r-devel-linux-x86_64-fedora-clang | 1.7-2 | 47.98 | OK | |||
r-devel-linux-x86_64-fedora-gcc | 1.7-2 | 57.75 | OK | |||
r-devel-macos-arm64 | 1.7-2 | 28.00 | OK | |||
r-devel-macos-x86_64 | 1.7-2 | 65.00 | OK | |||
r-devel-windows-x86_64 | 1.7-2 | 2.00 | 71.00 | 73.00 | NOTE | |
r-patched-linux-x86_64 | 1.7-2 | 1.58 | 25.17 | 26.75 | OK | |
r-release-linux-x86_64 | 1.7-2 | 1.69 | 25.52 | 27.21 | OK | |
r-release-macos-arm64 | 1.7-2 | 39.00 | OK | |||
r-release-macos-x86_64 | 1.7-2 | 68.00 | OK | |||
r-release-windows-x86_64 | 1.7-2 | 3.00 | 73.00 | 76.00 | OK | |
r-oldrel-macos-arm64 | 1.7-2 | 28.00 | OK | |||
r-oldrel-macos-x86_64 | 1.7-2 | 37.00 | OK | |||
r-oldrel-windows-x86_64 | 1.7-2 | 4.00 | 65.00 | 69.00 | OK |
Version: 1.7-2
Check: Rd cross-references
Result: NOTE
Found the following Rd file(s) with Rd \link{} targets missing package
anchors:
xtable.lm.beta.Rd: xtable
Please provide package anchors for all Rd \link{} targets not in the
package itself and the base packages.
Flavors: r-devel-linux-x86_64-debian-clang, r-devel-linux-x86_64-debian-gcc, r-devel-windows-x86_64
These binaries (installable software) and packages are in development.
They may not be fully stable and should be used with caution. We make no claims about them.