Last updated on 2025-05-01 12:49:32 CEST.
Flavor | Version | Tinstall | Tcheck | Ttotal | Status | Flags |
---|---|---|---|---|---|---|
r-devel-linux-x86_64-debian-clang | 0.2.4 | 23.18 | 202.87 | 226.05 | OK | |
r-devel-linux-x86_64-debian-gcc | 0.2.4 | 18.68 | 152.31 | 170.99 | OK | |
r-devel-linux-x86_64-fedora-clang | 0.2.4 | 378.78 | OK | |||
r-devel-linux-x86_64-fedora-gcc | 0.2.4 | 335.43 | OK | |||
r-devel-windows-x86_64 | 0.2.4 | 23.00 | 171.00 | 194.00 | OK | |
r-patched-linux-x86_64 | 0.2.4 | 20.72 | 195.32 | 216.04 | OK | |
r-release-linux-x86_64 | OK | |||||
r-release-macos-arm64 | 0.2.4 | 104.00 | OK | |||
r-release-macos-x86_64 | 0.2.4 | 216.00 | OK | |||
r-release-windows-x86_64 | 0.2.4 | 2.00 | 4.00 | 6.00 | ERROR | |
r-oldrel-macos-arm64 | 0.2.4 | 82.00 | OK | |||
r-oldrel-macos-x86_64 | 0.2.4 | 165.00 | OK | |||
r-oldrel-windows-x86_64 | 0.2.4 | 26.00 | 219.00 | 245.00 | OK |
Version: 0.2.4
Check: whether package can be installed
Result: ERROR
Installation failed.
Flavor: r-release-windows-x86_64
These binaries (installable software) and packages are in development.
They may not be fully stable and should be used with caution. We make no claims about them.