Last updated on 2024-07-27 15:50:22 CEST.
Flavor | Version | Tinstall | Tcheck | Ttotal | Status | Flags |
---|---|---|---|---|---|---|
r-devel-linux-x86_64-debian-clang | 0.1.0 | 9.99 | 96.51 | 106.50 | NOTE | |
r-devel-linux-x86_64-debian-gcc | 0.1.0 | NOTE | ||||
r-devel-linux-x86_64-fedora-clang | 0.1.0 | 133.76 | NOTE | |||
r-devel-linux-x86_64-fedora-gcc | 0.1.0 | 123.13 | NOTE | |||
r-devel-windows-x86_64 | 0.1.0 | 9.00 | 86.00 | 95.00 | NOTE | |
r-patched-linux-x86_64 | 0.1.0 | NOTE | ||||
r-release-linux-x86_64 | 0.1.0 | 8.95 | 90.94 | 99.89 | NOTE | |
r-release-macos-arm64 | 0.1.0 | 40.00 | NOTE | |||
r-release-macos-x86_64 | 0.1.0 | 66.00 | NOTE | |||
r-release-windows-x86_64 | 0.1.0 | 10.00 | 84.00 | 94.00 | NOTE | |
r-oldrel-macos-arm64 | 0.1.0 | 41.00 | NOTE | |||
r-oldrel-macos-x86_64 | 0.1.0 | 73.00 | NOTE | |||
r-oldrel-windows-x86_64 | 0.1.0 | 12.00 | 98.00 | 110.00 | NOTE |
Version: 0.1.0
Check: LazyData
Result: NOTE
'LazyData' is specified without a 'data' directory
Flavors: r-devel-linux-x86_64-debian-clang, r-devel-linux-x86_64-debian-gcc, r-devel-linux-x86_64-fedora-clang, r-devel-linux-x86_64-fedora-gcc, r-devel-windows-x86_64, r-patched-linux-x86_64, r-release-linux-x86_64, r-release-macos-arm64, r-release-macos-x86_64, r-release-windows-x86_64, r-oldrel-macos-arm64, r-oldrel-macos-x86_64, r-oldrel-windows-x86_64
Version: 0.1.0
Check: dependencies in R code
Result: NOTE
Namespace in Imports field not imported from: ‘Matrix’
All declared Imports should be used.
Flavors: r-devel-linux-x86_64-fedora-clang, r-devel-linux-x86_64-fedora-gcc
These binaries (installable software) and packages are in development.
They may not be fully stable and should be used with caution. We make no claims about them.