Last updated on 2025-02-16 08:50:51 CET.
Flavor | Version | Tinstall | Tcheck | Ttotal | Status | Flags |
---|---|---|---|---|---|---|
r-devel-linux-x86_64-debian-clang | 1.1-12 | 1.68 | 20.80 | 22.48 | NOTE | |
r-devel-linux-x86_64-debian-gcc | 1.1-12 | 1.59 | 16.61 | 18.20 | NOTE | |
r-devel-linux-x86_64-fedora-clang | 1.1-12 | 37.39 | OK | |||
r-devel-linux-x86_64-fedora-gcc | 1.1-12 | 34.92 | OK | |||
r-devel-macos-arm64 | 1.1-12 | 17.00 | OK | |||
r-devel-macos-x86_64 | 1.1-12 | 33.00 | OK | |||
r-devel-windows-x86_64 | 1.1-12 | 3.00 | 42.00 | 45.00 | NOTE | |
r-patched-linux-x86_64 | 1.1-12 | 2.02 | 20.04 | 22.06 | OK | |
r-release-linux-x86_64 | 1.1-12 | 1.81 | 20.13 | 21.94 | OK | |
r-release-macos-arm64 | 1.1-12 | 16.00 | OK | |||
r-release-macos-x86_64 | 1.1-12 | 27.00 | OK | |||
r-release-windows-x86_64 | 1.1-12 | 3.00 | 45.00 | 48.00 | OK | |
r-oldrel-macos-arm64 | 1.1-12 | 17.00 | OK | |||
r-oldrel-macos-x86_64 | 1.1-12 | 21.00 | OK | |||
r-oldrel-windows-x86_64 | 1.1-12 | 3.00 | 43.00 | 46.00 | OK |
Version: 1.1-12
Check: Rd cross-references
Result: NOTE
Found the following Rd file(s) with Rd \link{} targets missing package
anchors:
approx.Z.Rd: nlme
smSplineEx1.Rd: lme
smspline.Rd: predict.lme, nlme
Please provide package anchors for all Rd \link{} targets not in the
package itself and the base packages.
Flavors: r-devel-linux-x86_64-debian-clang, r-devel-linux-x86_64-debian-gcc, r-devel-windows-x86_64
These binaries (installable software) and packages are in development.
They may not be fully stable and should be used with caution. We make no claims about them.