Last updated on 2025-11-20 03:50:14 CET.
| Flavor | Version | Tinstall | Tcheck | Ttotal | Status | Flags |
|---|---|---|---|---|---|---|
| r-devel-linux-x86_64-debian-clang | 3.1-3 | 12.76 | 244.19 | 256.95 | NOTE | |
| r-devel-linux-x86_64-debian-gcc | 3.1-3 | 10.21 | 174.24 | 184.45 | NOTE | |
| r-devel-linux-x86_64-fedora-clang | 3.1-3 | 64.00 | 360.99 | 424.99 | OK | |
| r-devel-linux-x86_64-fedora-gcc | 3.1-3 | 28.00 | 352.32 | 380.32 | OK | |
| r-devel-windows-x86_64 | 3.1-3 | 17.00 | 220.00 | 237.00 | OK | |
| r-patched-linux-x86_64 | 3.1-3 | 12.46 | 231.22 | 243.68 | OK | |
| r-release-linux-x86_64 | 3.1-3 | 12.68 | 232.54 | 245.22 | OK | |
| r-release-macos-arm64 | 3.1-3 | OK | ||||
| r-release-macos-x86_64 | 3.1-3 | 10.00 | 174.00 | 184.00 | OK | |
| r-release-windows-x86_64 | 3.1-3 | 15.00 | 220.00 | 235.00 | OK | |
| r-oldrel-macos-arm64 | 3.1-3 | OK | ||||
| r-oldrel-macos-x86_64 | 3.1-3 | 9.00 | 130.00 | 139.00 | OK | |
| r-oldrel-windows-x86_64 | 3.1-3 | 21.00 | 291.00 | 312.00 | OK |
Version: 3.1-3
Check: CRAN incoming feasibility
Result: NOTE
Maintainer: ‘Rune Haubo Bojesen Christensen <Rune.Haubo@gmail.com>’
Found the following URLs which should use \doi (with the DOI name only):
File ‘ham.Rd’:
https://doi.org/10.1016/j.foodqual.2009.09.004
Flavors: r-devel-linux-x86_64-debian-clang, r-devel-linux-x86_64-debian-gcc
These binaries (installable software) and packages are in development.
They may not be fully stable and should be used with caution. We make no claims about them.