Last updated on 2025-05-01 12:49:32 CEST.
Flavor | Version | Tinstall | Tcheck | Ttotal | Status | Flags |
---|---|---|---|---|---|---|
r-devel-linux-x86_64-debian-clang | 3.1-3 | 14.02 | 227.44 | 241.46 | NOTE | |
r-devel-linux-x86_64-debian-gcc | 3.1-3 | 9.06 | 156.23 | 165.29 | NOTE | |
r-devel-linux-x86_64-fedora-clang | 3.1-3 | 404.81 | OK | |||
r-devel-linux-x86_64-fedora-gcc | 3.1-3 | 379.14 | OK | |||
r-devel-windows-x86_64 | 3.1-3 | 15.00 | 210.00 | 225.00 | OK | |
r-patched-linux-x86_64 | 3.1-3 | 13.07 | 214.11 | 227.18 | OK | |
r-release-linux-x86_64 | OK | |||||
r-release-macos-arm64 | 3.1-3 | 107.00 | OK | |||
r-release-macos-x86_64 | 3.1-3 | 184.00 | OK | |||
r-release-windows-x86_64 | 3.1-3 | 14.00 | 209.00 | 223.00 | OK | |
r-oldrel-macos-arm64 | 3.1-3 | 96.00 | OK | |||
r-oldrel-macos-x86_64 | 3.1-3 | 139.00 | OK | |||
r-oldrel-windows-x86_64 | 3.1-3 | 20.00 | 290.00 | 310.00 | OK |
Version: 3.1-3
Check: CRAN incoming feasibility
Result: NOTE
Maintainer: ‘Rune Haubo Bojesen Christensen <Rune.Haubo@gmail.com>’
Found the following URLs which should use \doi (with the DOI name only):
File ‘ham.Rd’:
https://doi.org/10.1016/j.foodqual.2009.09.004
Flavors: r-devel-linux-x86_64-debian-clang, r-devel-linux-x86_64-debian-gcc
Version: 3.1-3
Check: examples
Result: NOTE
Examples with CPU (user + system) or elapsed time > 5s
user system elapsed
plot.ls_means 3.486 0.207 5.084
Flavor: r-devel-linux-x86_64-debian-clang
These binaries (installable software) and packages are in development.
They may not be fully stable and should be used with caution. We make no claims about them.