CRAN Package Check Results for Package lmomco

Last updated on 2025-07-25 11:49:58 CEST.

Flavor Version Tinstall Tcheck Ttotal Status Flags
r-devel-linux-x86_64-debian-clang 2.5.1 24.91 199.28 224.19 NOTE
r-devel-linux-x86_64-debian-gcc 2.5.1 16.79 129.19 145.98 NOTE
r-devel-linux-x86_64-fedora-clang 2.5.1 347.76 OK
r-devel-linux-x86_64-fedora-gcc 2.5.1 340.17 OK
r-devel-windows-x86_64 2.5.1 30.00 366.00 396.00 OK
r-patched-linux-x86_64 2.5.1 36.38 179.13 215.51 OK
r-release-linux-x86_64 2.5.1 20.04 182.28 202.32 OK
r-release-macos-arm64 2.5.1 87.00 OK
r-release-macos-x86_64 2.5.1 178.00 OK
r-release-windows-x86_64 2.5.1 28.00 295.00 323.00 OK
r-oldrel-macos-arm64 2.5.1 80.00 OK
r-oldrel-macos-x86_64 2.5.1 114.00 OK
r-oldrel-windows-x86_64 2.5.1 40.00 321.00 361.00 OK

Check Details

Version: 2.5.1
Check: CRAN incoming feasibility
Result: NOTE Maintainer: ‘William Asquith <william.asquith@ttu.edu>’ No Authors@R field in DESCRIPTION. Please add one, modifying Authors@R: person(given = "William", family = "Asquith", role = c("aut", "cre"), email = "william.asquith@ttu.edu") as necessary. Flavors: r-devel-linux-x86_64-debian-clang, r-devel-linux-x86_64-debian-gcc

These binaries (installable software) and packages are in development.
They may not be fully stable and should be used with caution. We make no claims about them.