Last updated on 2025-05-01 14:49:14 CEST.
Flavor | Version | Tinstall | Tcheck | Ttotal | Status | Flags |
---|---|---|---|---|---|---|
r-devel-linux-x86_64-debian-clang | 2.5.1 | 28.62 | 198.36 | 226.98 | NOTE | |
r-devel-linux-x86_64-debian-gcc | 2.5.1 | 13.96 | 126.07 | 140.03 | NOTE | |
r-devel-linux-x86_64-fedora-clang | 2.5.1 | 348.76 | OK | |||
r-devel-linux-x86_64-fedora-gcc | 2.5.1 | 332.08 | OK | |||
r-devel-windows-x86_64 | 2.5.1 | 29.00 | 300.00 | 329.00 | OK | |
r-patched-linux-x86_64 | 2.5.1 | 36.65 | 182.99 | 219.64 | OK | |
r-release-linux-x86_64 | OK | |||||
r-release-macos-arm64 | 2.5.1 | 87.00 | OK | |||
r-release-macos-x86_64 | 2.5.1 | 178.00 | OK | |||
r-release-windows-x86_64 | 2.5.1 | 29.00 | 321.00 | 350.00 | OK | |
r-oldrel-macos-arm64 | 2.5.1 | 80.00 | OK | |||
r-oldrel-macos-x86_64 | 2.5.1 | 114.00 | OK | |||
r-oldrel-windows-x86_64 | 2.5.1 | 38.00 | 321.00 | 359.00 | OK |
Version: 2.5.1
Check: CRAN incoming feasibility
Result: NOTE
Maintainer: ‘William Asquith <william.asquith@ttu.edu>’
No Authors@R field in DESCRIPTION.
Please add one, modifying
Authors@R: person(given = "William",
family = "Asquith",
role = c("aut", "cre"),
email = "william.asquith@ttu.edu")
as necessary.
Flavors: r-devel-linux-x86_64-debian-clang, r-devel-linux-x86_64-debian-gcc
These binaries (installable software) and packages are in development.
They may not be fully stable and should be used with caution. We make no claims about them.