CRAN Package Check Results for Package lmtest

Last updated on 2025-11-11 15:50:38 CET.

Flavor Version Tinstall Tcheck Ttotal Status Flags
r-devel-linux-x86_64-debian-clang 0.9-40 4.48 48.41 52.89 NOTE
r-devel-linux-x86_64-debian-gcc 0.9-40 4.03 36.20 40.23 NOTE
r-devel-linux-x86_64-fedora-clang 0.9-40 11.00 67.52 78.52 OK
r-devel-linux-x86_64-fedora-gcc 0.9-40 11.00 77.54 88.54 OK
r-devel-windows-x86_64 0.9-40 9.00 88.00 97.00 OK
r-patched-linux-x86_64 0.9-40 5.68 45.90 51.58 OK
r-release-linux-x86_64 0.9-40 4.23 45.52 49.75 OK
r-release-macos-arm64 0.9-40 4.00 35.00 39.00 OK
r-release-macos-x86_64 0.9-40 7.00 79.00 86.00 OK
r-release-windows-x86_64 0.9-40 9.00 90.00 99.00 OK
r-oldrel-macos-arm64 0.9-40 3.00 36.00 39.00 OK
r-oldrel-macos-x86_64 0.9-40 7.00 59.00 66.00 OK
r-oldrel-windows-x86_64 0.9-40 11.00 98.00 109.00 OK

Check Details

Version: 0.9-40
Check: CRAN incoming feasibility
Result: NOTE Maintainer: ‘Achim Zeileis <Achim.Zeileis@R-project.org>’ Package CITATION file contains call(s) to old-style personList() or as.personList(). Please use c() on person objects instead. Package CITATION file contains call(s) to old-style citEntry(). Please use bibentry() instead. Flavors: r-devel-linux-x86_64-debian-clang, r-devel-linux-x86_64-debian-gcc

These binaries (installable software) and packages are in development.
They may not be fully stable and should be used with caution. We make no claims about them.