Last updated on 2025-02-16 08:50:51 CET.
Flavor | Version | Tinstall | Tcheck | Ttotal | Status | Flags |
---|---|---|---|---|---|---|
r-devel-linux-x86_64-debian-clang | 0.9-40 | 4.63 | 43.89 | 48.52 | OK | |
r-devel-linux-x86_64-debian-gcc | 0.9-40 | 3.70 | 32.88 | 36.58 | OK | |
r-devel-linux-x86_64-fedora-clang | 0.9-40 | 80.03 | OK | |||
r-devel-linux-x86_64-fedora-gcc | 0.9-40 | 87.59 | OK | |||
r-devel-macos-arm64 | 0.9-40 | 31.00 | OK | |||
r-devel-macos-x86_64 | 0.9-40 | 73.00 | OK | |||
r-devel-windows-x86_64 | 0.9-40 | 9.00 | 92.00 | 101.00 | OK | |
r-patched-linux-x86_64 | 0.9-40 | 5.02 | 41.05 | 46.07 | OK | |
r-release-linux-x86_64 | 0.9-40 | 4.44 | 41.10 | 45.54 | OK | |
r-release-macos-arm64 | 0.9-40 | 39.00 | OK | |||
r-release-macos-x86_64 | 0.9-40 | 66.00 | OK | |||
r-release-windows-x86_64 | 0.9-40 | 9.00 | 93.00 | 102.00 | OK | |
r-oldrel-macos-arm64 | 0.9-40 | 40.00 | OK | |||
r-oldrel-macos-x86_64 | 0.9-40 | 50.00 | NOTE | |||
r-oldrel-windows-x86_64 | 0.9-40 | 10.00 | 116.00 | 126.00 | OK |
Version: 0.9-40
Check: package dependencies
Result: NOTE
Packages suggested but not available for checking: 'car', 'dynlm', 'AER'
Flavor: r-oldrel-macos-x86_64
Version: 0.9-40
Check: Rd cross-references
Result: NOTE
Package unavailable to check Rd xrefs: ‘car’
Flavor: r-oldrel-macos-x86_64
These binaries (installable software) and packages are in development.
They may not be fully stable and should be used with caution. We make no claims about them.