CRAN Package Check Results for Package lnmixsurv

Last updated on 2025-05-08 04:52:09 CEST.

Flavor Version Tinstall Tcheck Ttotal Status Flags
r-devel-linux-x86_64-debian-clang 3.1.6 61.04 268.84 329.88 OK
r-devel-linux-x86_64-debian-gcc 3.1.6 47.75 186.81 234.56 OK
r-devel-linux-x86_64-fedora-clang 3.1.6 569.54 NOTE
r-devel-linux-x86_64-fedora-gcc 3.1.6 552.58 NOTE
r-devel-windows-x86_64 3.1.6 74.00 298.00 372.00 OK
r-patched-linux-x86_64 3.1.6 59.42 251.87 311.29 OK
r-release-linux-x86_64 3.1.6 60.99 250.41 311.40 OK
r-release-macos-arm64 3.1.6 163.00 OK
r-release-macos-x86_64 3.1.6 335.00 OK
r-release-windows-x86_64 3.1.6 81.00 293.00 374.00 OK
r-oldrel-macos-arm64 3.1.6 100.00 NOTE
r-oldrel-macos-x86_64 3.1.6 158.00 NOTE
r-oldrel-windows-x86_64 3.1.6 92.00 376.00 468.00 NOTE

Check Details

Version: 3.1.6
Check: dependencies in R code
Result: NOTE Namespaces in Imports field not imported from: ‘purrr’ ‘readr’ All declared Imports should be used. Flavors: r-devel-linux-x86_64-fedora-clang, r-devel-linux-x86_64-fedora-gcc

Version: 3.1.6
Check: installed package size
Result: NOTE installed size is 9.5Mb sub-directories of 1Mb or more: doc 4.0Mb libs 5.2Mb Flavors: r-oldrel-macos-arm64, r-oldrel-macos-x86_64, r-oldrel-windows-x86_64

Version: 3.1.6
Check: for GNU extensions in Makefiles
Result: NOTE GNU make is a SystemRequirements. Flavors: r-oldrel-macos-arm64, r-oldrel-macos-x86_64, r-oldrel-windows-x86_64

These binaries (installable software) and packages are in development.
They may not be fully stable and should be used with caution. We make no claims about them.