Last updated on 2025-11-11 15:50:38 CET.
| Flavor | Version | Tinstall | Tcheck | Ttotal | Status | Flags |
|---|---|---|---|---|---|---|
| r-devel-linux-x86_64-debian-clang | 3.1.6 | 58.31 | 280.26 | 338.57 | OK | |
| r-devel-linux-x86_64-debian-gcc | 3.1.6 | 47.01 | 192.26 | 239.27 | OK | |
| r-devel-linux-x86_64-fedora-clang | 3.1.6 | 84.00 | 477.61 | 561.61 | NOTE | |
| r-devel-linux-x86_64-fedora-gcc | 3.1.6 | 89.00 | 460.83 | 549.83 | NOTE | |
| r-devel-windows-x86_64 | 3.1.6 | 74.00 | 309.00 | 383.00 | OK | |
| r-patched-linux-x86_64 | 3.1.6 | 58.87 | 264.35 | 323.22 | OK | |
| r-release-linux-x86_64 | 3.1.6 | 57.10 | 264.25 | 321.35 | OK | |
| r-release-macos-arm64 | 3.1.6 | 24.00 | 139.00 | 163.00 | OK | |
| r-release-macos-x86_64 | 3.1.6 | 40.00 | 295.00 | 335.00 | OK | |
| r-release-windows-x86_64 | 3.1.6 | 78.00 | 305.00 | 383.00 | OK | |
| r-oldrel-macos-arm64 | 3.1.6 | 13.00 | 87.00 | 100.00 | NOTE | |
| r-oldrel-macos-x86_64 | 3.1.6 | 18.00 | 140.00 | 158.00 | NOTE | |
| r-oldrel-windows-x86_64 | 3.1.6 | 94.00 | 396.00 | 490.00 | NOTE |
Version: 3.1.6
Check: dependencies in R code
Result: NOTE
Namespaces in Imports field not imported from:
‘purrr’ ‘readr’
All declared Imports should be used.
Flavors: r-devel-linux-x86_64-fedora-clang, r-devel-linux-x86_64-fedora-gcc
Version: 3.1.6
Check: installed package size
Result: NOTE
installed size is 9.5Mb
sub-directories of 1Mb or more:
doc 4.0Mb
libs 5.2Mb
Flavors: r-oldrel-macos-arm64, r-oldrel-macos-x86_64, r-oldrel-windows-x86_64
Version: 3.1.6
Check: for GNU extensions in Makefiles
Result: NOTE
GNU make is a SystemRequirements.
Flavors: r-oldrel-macos-arm64, r-oldrel-macos-x86_64, r-oldrel-windows-x86_64
These binaries (installable software) and packages are in development.
They may not be fully stable and should be used with caution. We make no claims about them.