Last updated on 2025-02-16 08:50:51 CET.
Flavor | Version | Tinstall | Tcheck | Ttotal | Status | Flags |
---|---|---|---|---|---|---|
r-devel-linux-x86_64-debian-clang | 3.1.6 | 64.20 | 257.68 | 321.88 | OK | |
r-devel-linux-x86_64-debian-gcc | 3.1.6 | 44.17 | 181.19 | 225.36 | OK | |
r-devel-linux-x86_64-fedora-clang | 3.1.6 | 549.59 | NOTE | |||
r-devel-linux-x86_64-fedora-gcc | 3.1.6 | 530.06 | NOTE | |||
r-devel-macos-arm64 | 3.1.6 | 166.00 | OK | |||
r-devel-macos-x86_64 | 3.1.6 | 335.00 | OK | |||
r-devel-windows-x86_64 | 3.1.6 | 69.00 | 292.00 | 361.00 | OK | |
r-patched-linux-x86_64 | 3.1.6 | 60.44 | 241.06 | 301.50 | NOTE | |
r-release-linux-x86_64 | 3.1.6 | 57.74 | 242.33 | 300.07 | NOTE | |
r-release-macos-arm64 | 3.1.6 | 100.00 | NOTE | |||
r-release-macos-x86_64 | 3.1.6 | 158.00 | NOTE | |||
r-release-windows-x86_64 | 3.1.6 | 66.00 | 292.00 | 358.00 | NOTE | |
r-oldrel-macos-arm64 | 3.1.6 | 193.00 | NOTE | |||
r-oldrel-macos-x86_64 | 3.1.6 | 486.00 | NOTE | |||
r-oldrel-windows-x86_64 | 3.1.6 | 87.00 | 347.00 | 434.00 | NOTE |
Version: 3.1.6
Check: dependencies in R code
Result: NOTE
Namespaces in Imports field not imported from:
‘purrr’ ‘readr’
All declared Imports should be used.
Flavors: r-devel-linux-x86_64-fedora-clang, r-devel-linux-x86_64-fedora-gcc
Version: 3.1.6
Check: for GNU extensions in Makefiles
Result: NOTE
GNU make is a SystemRequirements.
Flavors: r-patched-linux-x86_64, r-release-linux-x86_64, r-release-macos-arm64, r-release-macos-x86_64, r-release-windows-x86_64, r-oldrel-macos-arm64, r-oldrel-macos-x86_64, r-oldrel-windows-x86_64
Version: 3.1.6
Check: installed package size
Result: NOTE
installed size is 9.5Mb
sub-directories of 1Mb or more:
doc 4.0Mb
libs 5.2Mb
Flavors: r-release-macos-arm64, r-release-macos-x86_64, r-release-windows-x86_64, r-oldrel-macos-arm64, r-oldrel-macos-x86_64, r-oldrel-windows-x86_64
These binaries (installable software) and packages are in development.
They may not be fully stable and should be used with caution. We make no claims about them.