Last updated on 2025-10-03 05:53:37 CEST.
Flavor | Version | Tinstall | Tcheck | Ttotal | Status | Flags |
---|---|---|---|---|---|---|
r-devel-linux-x86_64-debian-clang | 1.3.0 | 19.87 | 135.05 | 154.92 | NOTE | |
r-devel-linux-x86_64-debian-gcc | 1.3.0 | 10.32 | 92.45 | 102.77 | NOTE | |
r-devel-linux-x86_64-fedora-clang | 1.3.0 | 241.15 | NOTE | |||
r-devel-linux-x86_64-fedora-gcc | 1.3.0 | 225.35 | NOTE | |||
r-devel-windows-x86_64 | 1.3.0 | 19.00 | 129.00 | 148.00 | NOTE | |
r-patched-linux-x86_64 | 1.3.0 | 16.97 | 123.91 | 140.88 | NOTE | |
r-release-linux-x86_64 | 1.3.0 | 16.12 | 121.76 | 137.88 | NOTE | |
r-release-macos-arm64 | 1.3.0 | 63.00 | NOTE | |||
r-release-macos-x86_64 | 1.3.0 | 115.00 | NOTE | |||
r-release-windows-x86_64 | 1.3.0 | 20.00 | 132.00 | 152.00 | NOTE | |
r-oldrel-macos-arm64 | 1.3.0 | 55.00 | OK | |||
r-oldrel-macos-x86_64 | 1.3.0 | 95.00 | OK | |||
r-oldrel-windows-x86_64 | 1.3.0 | 27.00 | 166.00 | 193.00 | OK |
Version: 1.3.0
Check: DESCRIPTION meta-information
Result: NOTE
Missing dependency on R >= 4.1.0 because package code uses the pipe
|> or function shorthand \(...) syntax added in R 4.1.0.
File(s) using such syntax:
‘mod_carga_datos.R’ ‘mod_correlacion_utils.R’ ‘mod_dispersion.R’
‘mod_distribuciones.R’ ‘mod_distribuciones_fct.R’
‘mod_distribuciones_utils.R’ ‘mod_normal_utils.R’
Flavors: r-devel-linux-x86_64-debian-clang, r-devel-linux-x86_64-debian-gcc, r-devel-linux-x86_64-fedora-clang, r-devel-linux-x86_64-fedora-gcc, r-devel-windows-x86_64, r-patched-linux-x86_64, r-release-linux-x86_64, r-release-macos-arm64, r-release-macos-x86_64, r-release-windows-x86_64
These binaries (installable software) and packages are in development.
They may not be fully stable and should be used with caution. We make no claims about them.