CRAN Package Check Results for Package locStra

Last updated on 2025-07-02 03:50:45 CEST.

Flavor Version Tinstall Tcheck Ttotal Status Flags
r-devel-linux-x86_64-debian-clang 1.9 61.33 88.14 149.47 NOTE
r-devel-linux-x86_64-debian-gcc 1.9 48.89 67.33 116.22 NOTE
r-devel-linux-x86_64-fedora-clang 1.9 230.88 OK
r-devel-linux-x86_64-fedora-gcc 1.9 265.24 OK
r-devel-windows-x86_64 1.9 60.00 118.00 178.00 OK
r-patched-linux-x86_64 OK
r-release-linux-x86_64 1.9 60.26 87.44 147.70 OK
r-release-macos-arm64 1.9 64.00 OK
r-release-macos-x86_64 1.9 141.00 OK
r-release-windows-x86_64 1.9 63.00 121.00 184.00 OK
r-oldrel-macos-arm64 1.9 66.00 NOTE
r-oldrel-macos-x86_64 1.9 91.00 NOTE
r-oldrel-windows-x86_64 1.9 70.00 152.00 222.00 OK

Check Details

Version: 1.9
Check: CRAN incoming feasibility
Result: NOTE Maintainer: ‘Georg Hahn <ghahn@hsph.harvard.edu>’ No Authors@R field in DESCRIPTION. Please add one, modifying Authors@R: c(person(given = "Georg", family = "Hahn", role = c("aut", "cre"), email = "ghahn@hsph.harvard.edu"), person(given = c("Sharon", "M."), family = "Lutz", role = "ctb"), person(given = "Christoph", family = "Lange", role = "ctb")) as necessary. Flavors: r-devel-linux-x86_64-debian-clang, r-devel-linux-x86_64-debian-gcc

Version: 1.9
Check: installed package size
Result: NOTE installed size is 27.9Mb sub-directories of 1Mb or more: libs 27.8Mb Flavors: r-oldrel-macos-arm64, r-oldrel-macos-x86_64

These binaries (installable software) and packages are in development.
They may not be fully stable and should be used with caution. We make no claims about them.