CRAN Package Check Results for Package localFDA

Last updated on 2025-11-11 15:50:38 CET.

Flavor Version Tinstall Tcheck Ttotal Status Flags
r-devel-linux-x86_64-debian-clang 1.0.0 2.18 28.58 30.76 NOTE
r-devel-linux-x86_64-debian-gcc 1.0.0 1.53 21.16 22.69 NOTE
r-devel-linux-x86_64-fedora-clang 1.0.0 46.09 OK
r-devel-linux-x86_64-fedora-gcc 1.0.0 44.50 OK
r-devel-windows-x86_64 1.0.0 3.00 45.00 48.00 OK
r-patched-linux-x86_64 1.0.0 2.24 26.95 29.19 OK
r-release-linux-x86_64 1.0.0 2.17 26.84 29.01 OK
r-release-macos-arm64 1.0.0 2.00 19.00 21.00 OK
r-release-macos-x86_64 1.0.0 2.00 29.00 31.00 OK
r-release-windows-x86_64 1.0.0 4.00 45.00 49.00 OK
r-oldrel-macos-arm64 1.0.0 1.00 16.00 17.00 OK
r-oldrel-macos-x86_64 1.0.0 2.00 26.00 28.00 OK
r-oldrel-windows-x86_64 1.0.0 3.00 47.00 50.00 OK

Check Details

Version: 1.0.0
Check: CRAN incoming feasibility
Result: NOTE Maintainer: ‘Antonio Elías <antonioefz91@gmail.com>’ The Description field contains <arXiv:2007.16059>. Please refer to arXiv e-prints via their arXiv DOI <doi:10.48550/arXiv.YYMM.NNNNN>. The BugReports field in DESCRIPTION has https://github.com/aefdz/localFDA which should likely be https://github.com/aefdz/localFDA/issues instead. Flavors: r-devel-linux-x86_64-debian-clang, r-devel-linux-x86_64-debian-gcc

These binaries (installable software) and packages are in development.
They may not be fully stable and should be used with caution. We make no claims about them.