CRAN Package Check Results for Package localICE

Last updated on 2025-02-16 08:50:51 CET.

Flavor Version Tinstall Tcheck Ttotal Status Flags
r-devel-linux-x86_64-debian-clang 0.1.1 3.84 43.19 47.03 OK
r-devel-linux-x86_64-debian-gcc 0.1.1 3.07 31.31 34.38 OK
r-devel-linux-x86_64-fedora-clang 0.1.1 76.93 NOTE
r-devel-linux-x86_64-fedora-gcc 0.1.1 69.46 NOTE
r-devel-macos-arm64 0.1.1 25.00 OK
r-devel-macos-x86_64 0.1.1 46.00 OK
r-devel-windows-x86_64 0.1.1 7.00 59.00 66.00 OK
r-patched-linux-x86_64 0.1.1 3.92 40.52 44.44 NOTE
r-release-linux-x86_64 0.1.1 3.48 39.88 43.36 NOTE
r-release-macos-arm64 0.1.1 25.00 NOTE
r-release-macos-x86_64 0.1.1 40.00 NOTE
r-release-windows-x86_64 0.1.1 6.00 59.00 65.00 NOTE
r-oldrel-macos-arm64 0.1.1 29.00 NOTE
r-oldrel-macos-x86_64 0.1.1 39.00 NOTE
r-oldrel-windows-x86_64 0.1.1 7.00 71.00 78.00 NOTE

Check Details

Version: 0.1.1
Check: dependencies in R code
Result: NOTE Namespace in Imports field not imported from: ‘checkmate’ All declared Imports should be used. Flavors: r-devel-linux-x86_64-fedora-clang, r-devel-linux-x86_64-fedora-gcc

Version: 0.1.1
Check: LazyData
Result: NOTE 'LazyData' is specified without a 'data' directory Flavors: r-patched-linux-x86_64, r-release-linux-x86_64, r-release-macos-arm64, r-release-macos-x86_64, r-release-windows-x86_64, r-oldrel-macos-arm64, r-oldrel-macos-x86_64, r-oldrel-windows-x86_64

These binaries (installable software) and packages are in development.
They may not be fully stable and should be used with caution. We make no claims about them.