Last updated on 2025-02-16 12:53:40 CET.
Flavor | Version | Tinstall | Tcheck | Ttotal | Status | Flags |
---|---|---|---|---|---|---|
r-devel-linux-x86_64-debian-clang | 0.3.1 | 2.85 | 39.17 | 42.02 | NOTE | |
r-devel-linux-x86_64-debian-gcc | 0.3.1 | 2.04 | 30.22 | 32.26 | NOTE | |
r-devel-linux-x86_64-fedora-clang | 0.3.1 | 69.92 | NOTE | |||
r-devel-linux-x86_64-fedora-gcc | 0.3.1 | 63.64 | NOTE | |||
r-devel-macos-arm64 | 0.3.1 | 32.00 | NOTE | |||
r-devel-macos-x86_64 | 0.3.1 | 45.00 | NOTE | |||
r-devel-windows-x86_64 | 0.3.1 | 5.00 | 60.00 | 65.00 | NOTE | |
r-patched-linux-x86_64 | 0.3.1 | 3.02 | 37.44 | 40.46 | NOTE | |
r-release-linux-x86_64 | 0.3.1 | 2.36 | 37.44 | 39.80 | NOTE | |
r-release-macos-arm64 | 0.3.1 | 29.00 | NOTE | |||
r-release-macos-x86_64 | 0.3.1 | 38.00 | NOTE | |||
r-release-windows-x86_64 | 0.3.1 | 5.00 | 60.00 | 65.00 | NOTE | |
r-oldrel-macos-arm64 | 0.3.1 | 31.00 | OK | |||
r-oldrel-macos-x86_64 | 0.3.1 | 45.00 | OK | |||
r-oldrel-windows-x86_64 | 0.3.1 | 5.00 | 65.00 | 70.00 | OK |
Version: 0.3.1
Check: Rd files
Result: NOTE
checkRd: (-1) mte_tilde_at.Rd:23: Lost braces in \itemize; \value handles \item{}{} directly
checkRd: (-1) mte_tilde_at.Rd:24: Lost braces in \itemize; \value handles \item{}{} directly
checkRd: (-1) mte_tilde_at.Rd:25: Lost braces in \itemize; \value handles \item{}{} directly
checkRd: (-1) mte_tilde_at.Rd:26: Lost braces in \itemize; \value handles \item{}{} directly
checkRd: (-1) mte_tilde_at.Rd:27: Lost braces in \itemize; \value handles \item{}{} directly
Flavors: r-devel-linux-x86_64-debian-clang, r-devel-linux-x86_64-debian-gcc, r-devel-linux-x86_64-fedora-clang, r-devel-linux-x86_64-fedora-gcc, r-devel-macos-arm64, r-devel-macos-x86_64, r-devel-windows-x86_64, r-patched-linux-x86_64, r-release-linux-x86_64, r-release-macos-arm64, r-release-macos-x86_64, r-release-windows-x86_64
These binaries (installable software) and packages are in development.
They may not be fully stable and should be used with caution. We make no claims about them.