CRAN Package Check Results for Package localLLM

Last updated on 2025-10-23 11:50:18 CEST.

Flavor Version Tinstall Tcheck Ttotal Status Flags
r-devel-linux-x86_64-debian-clang 1.0.1 12.41 33.13 45.54 NOTE
r-devel-linux-x86_64-debian-gcc 1.0.1 9.50 24.97 34.47 OK
r-devel-linux-x86_64-fedora-clang 1.0.1 60.00 16.55 76.55 OK
r-devel-linux-x86_64-fedora-gcc 1.0.1 31.00 39.86 70.86 OK
r-devel-windows-x86_64 1.0.1 26.00 101.00 127.00 OK
r-patched-linux-x86_64 1.0.1 13.64 31.67 45.31 OK
r-release-linux-x86_64 1.0.1 12.78 31.56 44.34 OK
r-release-macos-arm64 1.0.1 7.00 21.00 28.00 OK
r-release-macos-x86_64 1.0.1 13.00 35.00 48.00 OK
r-release-windows-x86_64 1.0.1 24.00 98.00 122.00 OK
r-oldrel-macos-arm64 1.0.1 7.00 48.00 55.00 OK
r-oldrel-macos-x86_64 1.0.1 14.00 38.00 52.00 OK
r-oldrel-windows-x86_64 1.0.1 41.00 95.00 136.00 OK

Check Details

Version: 1.0.1
Check: HTML version of manual
Result: NOTE Found the following HTML validation problems: dot-with_hf_token.html:53:1 (dot-with_hf_token.Rd:14): Warning: missing </ul> before </div> Flavor: r-devel-linux-x86_64-debian-clang

These binaries (installable software) and packages are in development.
They may not be fully stable and should be used with caution. We make no claims about them.