Last updated on 2025-10-28 03:50:14 CET.
| Flavor | Version | Tinstall | Tcheck | Ttotal | Status | Flags | 
|---|---|---|---|---|---|---|
| r-devel-linux-x86_64-debian-clang | 2.3 | 2.17 | 25.29 | 27.46 | NOTE | --no-examples --no-tests --no-vignettes | 
| r-devel-linux-x86_64-debian-gcc | 2.3 | 1.60 | 19.83 | 21.43 | NOTE | --no-examples --no-tests --no-vignettes | 
| r-devel-windows-x86_64 | 2.3 | 3.00 | 53.00 | 56.00 | OK | |
| r-patched-linux-x86_64 | 2.3 | 2.20 | 23.57 | 25.77 | OK | --no-examples --no-tests --no-vignettes | 
| r-release-linux-x86_64 | 2.3 | 1.92 | 23.76 | 25.68 | OK | --no-examples --no-tests --no-vignettes | 
| r-release-macos-arm64 | 2.3 | 1.00 | 36.00 | 37.00 | ERROR | |
| r-release-macos-x86_64 | 2.3 | 2.00 | 41.00 | 43.00 | ERROR | |
| r-release-windows-x86_64 | 2.3 | 3.00 | 53.00 | 56.00 | OK | |
| r-oldrel-macos-arm64 | 2.3 | 1.00 | 29.00 | 30.00 | ERROR | |
| r-oldrel-macos-x86_64 | 2.3 | 3.00 | 69.00 | 72.00 | ERROR | |
| r-oldrel-windows-x86_64 | 2.3 | 6.00 | 58.00 | 64.00 | OK | 
Version: 2.3
Flags: --no-examples --no-tests --no-vignettes
Check: CRAN incoming feasibility
Result: NOTE
  Maintainer: ‘Walerian Sokolowski <walerian.sokolowski@wlogsolutions.com>’
  
  The Description field contains
    LocalSolver (http://www.localsolver.com/) is an optimization engine
    developed by Innovation24 (http://www.innovation24.fr/). It is designed
    (http://www.wlogsolutions.com/en/) in collaboration with Decision
    (http://www.sgh.waw.pl/en/).
  Please enclose URLs in angle brackets (<...>).
Flavors: r-devel-linux-x86_64-debian-clang, r-devel-linux-x86_64-debian-gcc
Version: 2.3
Check: examples
Result: ERROR
  Running examples in ‘localsolver-Ex.R’ failed
  The error most likely occurred in:
  
  > ### Name: add.output.expr
  > ### Title: Add expression to output of ls.problem.
  > ### Aliases: add.output.expr
  > 
  > ### ** Examples
  > 
  > model.text.lsp <- lsp.model.example('extdata/knapsack.txt')
  > lsp <- ls.problem(model.text.lsp)
  sh: localsolver: command not found
  Error in ls.problem(model.text.lsp) : 
    has.localsolver(ls.path) is not TRUE
  Calls: ls.problem -> stopifnot
  Execution halted
Flavors: r-release-macos-arm64, r-release-macos-x86_64, r-oldrel-macos-arm64, r-oldrel-macos-x86_64
Version: 2.3
Check: re-building of vignette outputs
Result: ERROR
  Error(s) in re-building vignettes:
  --- re-building ‘localsolver.Rmd’ using knitr
  sh: localsolver: command not found
  
  Quitting from localsolver.Rmd:65-68 [unnamed-chunk-3]
  ~~~~~~~~~~~~~~~~~~~~~~~~~~~~~~~~~~~~~~~~~~~~~~~~~~~~~~~~~~~~~~~~~~~~~~~~~~~~~~~~
  <error/rlang_error>
  Error in `ls.problem()`:
  ! has.localsolver(ls.path) is not TRUE
  ---
  Backtrace:
      ▆
   1. └─localsolver::ls.problem(model)
   2.   └─base::stopifnot(has.localsolver(ls.path))
  ~~~~~~~~~~~~~~~~~~~~~~~~~~~~~~~~~~~~~~~~~~~~~~~~~~~~~~~~~~~~~~~~~~~~~~~~~~~~~~~~
  
  Error: processing vignette 'localsolver.Rmd' failed with diagnostics:
  has.localsolver(ls.path) is not TRUE
  --- failed re-building ‘localsolver.Rmd’
  
  SUMMARY: processing the following file failed:
    ‘localsolver.Rmd’
  
  Error: Vignette re-building failed.
  Execution halted
Flavors: r-release-macos-arm64, r-release-macos-x86_64
Version: 2.3
Check: re-building of vignette outputs
Result: ERROR
  Error(s) in re-building vignettes:
  --- re-building ‘localsolver.Rmd’ using knitr
  sh: localsolver: command not found
  
  Quitting from lines 66-68 [unnamed-chunk-3] (localsolver.Rmd)
  Error: processing vignette 'localsolver.Rmd' failed with diagnostics:
  has.localsolver(ls.path) is not TRUE
  --- failed re-building ‘localsolver.Rmd’
  
  SUMMARY: processing the following file failed:
    ‘localsolver.Rmd’
  
  Error: Vignette re-building failed.
  Execution halted
Flavors: r-oldrel-macos-arm64, r-oldrel-macos-x86_64
These binaries (installable software) and packages are in development.
They may not be fully stable and should be used with caution. We make no claims about them.