CRAN Package Check Results for Package locatexec

Last updated on 2025-11-11 15:50:38 CET.

Flavor Version Tinstall Tcheck Ttotal Status Flags
r-devel-linux-x86_64-debian-clang 0.1.1 1.97 24.83 26.80 OK
r-devel-linux-x86_64-debian-gcc 0.1.1 1.71 19.14 20.85 OK
r-devel-linux-x86_64-fedora-clang 0.1.1 39.26 NOTE
r-devel-linux-x86_64-fedora-gcc 0.1.1 36.54 NOTE
r-devel-windows-x86_64 0.1.1 3.00 52.00 55.00 OK
r-patched-linux-x86_64 0.1.1 2.32 22.82 25.14 OK
r-release-linux-x86_64 0.1.1 1.87 22.82 24.69 OK
r-release-macos-arm64 0.1.1 1.00 19.00 20.00 OK
r-release-macos-x86_64 0.1.1 2.00 69.00 71.00 OK
r-release-windows-x86_64 0.1.1 3.00 50.00 53.00 OK
r-oldrel-macos-arm64 0.1.1 1.00 22.00 23.00 OK
r-oldrel-macos-x86_64 0.1.1 2.00 40.00 42.00 OK
r-oldrel-windows-x86_64 0.1.1 4.00 51.00 55.00 OK

Check Details

Version: 0.1.1
Check: for detritus in the temp directory
Result: NOTE Found the following files/directories: ‘node-compile-cache’ Flavors: r-devel-linux-x86_64-fedora-clang, r-devel-linux-x86_64-fedora-gcc

These binaries (installable software) and packages are in development.
They may not be fully stable and should be used with caution. We make no claims about them.