Last updated on 2024-07-27 15:50:23 CEST.
Flavor | Version | Tinstall | Tcheck | Ttotal | Status | Flags |
---|---|---|---|---|---|---|
r-devel-linux-x86_64-debian-clang | 0.8.0 | 4.70 | 35.49 | 40.19 | OK | |
r-devel-linux-x86_64-debian-gcc | 0.8.0 | NOTE | ||||
r-devel-linux-x86_64-fedora-clang | 0.8.0 | 49.71 | OK | |||
r-devel-linux-x86_64-fedora-gcc | 0.8.0 | 47.92 | OK | |||
r-devel-windows-x86_64 | 0.8.0 | 7.00 | 53.00 | 60.00 | NOTE | |
r-patched-linux-x86_64 | 0.8.0 | OK | ||||
r-release-linux-x86_64 | 0.8.0 | 4.36 | 34.34 | 38.70 | OK | |
r-release-macos-arm64 | 0.8.0 | 20.00 | OK | |||
r-release-macos-x86_64 | 0.8.0 | 34.00 | OK | |||
r-release-windows-x86_64 | 0.8.0 | 6.00 | 53.00 | 59.00 | OK | |
r-oldrel-macos-arm64 | 0.8.0 | 23.00 | OK | |||
r-oldrel-macos-x86_64 | 0.8.0 | 29.00 | OK | |||
r-oldrel-windows-x86_64 | 0.8.0 | 9.00 | 55.00 | 64.00 | OK |
Version: 0.8.0
Check: Rd cross-references
Result: NOTE
Found the following Rd file(s) with Rd \link{} targets missing package
anchors:
PRDenEstC.Rd: bkde, dpik
locpol.Rd: locpoly
locpolSmoothers.Rd: locpoly
Please provide package anchors for all Rd \link{} targets not in the
package itself and the base packages.
Flavors: r-devel-linux-x86_64-debian-gcc, r-devel-windows-x86_64
These binaries (installable software) and packages are in development.
They may not be fully stable and should be used with caution. We make no claims about them.