Last updated on 2024-07-27 15:50:23 CEST.
Flavor | Version | Tinstall | Tcheck | Ttotal | Status | Flags |
---|---|---|---|---|---|---|
r-devel-linux-x86_64-debian-clang | 0.3.1 | 63.02 | 577.29 | 640.31 | OK | |
r-devel-linux-x86_64-debian-gcc | 0.3.1 | OK | ||||
r-devel-linux-x86_64-fedora-clang | 0.3.1 | 858.54 | OK | |||
r-devel-linux-x86_64-fedora-gcc | 0.3.1 | 799.89 | OK | |||
r-devel-windows-x86_64 | 0.3.1 | 50.00 | 390.00 | 440.00 | OK | |
r-patched-linux-x86_64 | 0.3.1 | OK | ||||
r-release-linux-x86_64 | 0.3.1 | 39.49 | 557.01 | 596.50 | OK | |
r-release-macos-arm64 | 0.3.1 | 201.00 | NOTE | |||
r-release-macos-x86_64 | 0.3.1 | 570.00 | NOTE | |||
r-release-windows-x86_64 | 0.3.1 | 50.00 | 386.00 | 436.00 | OK | |
r-oldrel-macos-arm64 | 0.3.1 | 226.00 | NOTE | |||
r-oldrel-macos-x86_64 | 0.3.1 | 410.00 | NOTE | |||
r-oldrel-windows-x86_64 | 0.3.1 | 68.00 | 463.00 | 531.00 | NOTE |
Version: 0.3.1
Check: package dependencies
Result: NOTE
Package suggested but not available for checking: ‘EnsDb.Hsapiens.v75’
Flavors: r-release-macos-arm64, r-release-macos-x86_64, r-oldrel-macos-arm64, r-oldrel-macos-x86_64, r-oldrel-windows-x86_64
Version: 0.3.1
Check: re-building of vignette outputs
Result: NOTE
Note: skipping ‘locuszoomr.Rmd’ due to unavailable dependencies:
'EnsDb.Hsapiens.v75'
Flavors: r-release-macos-arm64, r-release-macos-x86_64, r-oldrel-macos-arm64, r-oldrel-macos-x86_64, r-oldrel-windows-x86_64
These binaries (installable software) and packages are in development.
They may not be fully stable and should be used with caution. We make no claims about them.