Last updated on 2025-10-23 23:49:35 CEST.
| Flavor | Version | Tinstall | Tcheck | Ttotal | Status | Flags |
|---|---|---|---|---|---|---|
| r-devel-linux-x86_64-debian-clang | 0.3.8 | 56.09 | 495.99 | 552.08 | OK | |
| r-devel-linux-x86_64-debian-gcc | 0.3.8 | 37.40 | 366.20 | 403.60 | OK | |
| r-devel-linux-x86_64-fedora-clang | 0.3.8 | 216.00 | 682.19 | 898.19 | OK | |
| r-devel-linux-x86_64-fedora-gcc | 0.3.8 | 255.00 | 630.62 | 885.62 | OK | |
| r-devel-windows-x86_64 | 0.3.8 | 54.00 | 415.00 | 469.00 | OK | |
| r-patched-linux-x86_64 | 0.3.8 | 51.85 | 470.81 | 522.66 | OK | |
| r-release-linux-x86_64 | 0.3.8 | 48.95 | 472.39 | 521.34 | OK | |
| r-release-macos-arm64 | 0.3.8 | 25.00 | 172.00 | 197.00 | OK | |
| r-release-macos-x86_64 | 0.3.8 | 44.00 | 325.00 | 369.00 | OK | |
| r-release-windows-x86_64 | 0.3.8 | 54.00 | 399.00 | 453.00 | OK | |
| r-oldrel-macos-arm64 | 0.3.8 | 23.00 | 176.00 | 199.00 | NOTE | |
| r-oldrel-macos-x86_64 | 0.3.8 | 46.00 | 321.00 | 367.00 | NOTE | |
| r-oldrel-windows-x86_64 | 0.3.8 | 69.00 | 542.00 | 611.00 | OK |
Version: 0.3.8
Check: package dependencies
Result: NOTE
Package suggested but not available for checking: ‘EnsDb.Hsapiens.v75’
Flavors: r-oldrel-macos-arm64, r-oldrel-macos-x86_64
These binaries (installable software) and packages are in development.
They may not be fully stable and should be used with caution. We make no claims about them.