Last updated on 2025-05-01 08:52:37 CEST.
Flavor | Version | Tinstall | Tcheck | Ttotal | Status | Flags |
---|---|---|---|---|---|---|
r-devel-linux-x86_64-debian-clang | 1.0 | 24.68 | 91.83 | 116.51 | NOTE | |
r-devel-linux-x86_64-debian-gcc | 1.0 | 17.41 | 46.59 | 64.00 | NOTE | |
r-devel-linux-x86_64-fedora-clang | 1.0 | 208.76 | NOTE | |||
r-devel-linux-x86_64-fedora-gcc | 1.0 | 155.75 | NOTE | |||
r-devel-windows-x86_64 | 1.0 | 31.00 | 99.00 | 130.00 | NOTE | |
r-patched-linux-x86_64 | 1.0 | 23.35 | 65.82 | 89.17 | NOTE | |
r-release-linux-x86_64 | NOTE | |||||
r-release-macos-arm64 | 1.0 | 44.00 | NOTE | |||
r-release-macos-x86_64 | 1.0 | 77.00 | NOTE | |||
r-release-windows-x86_64 | 1.0 | 31.00 | 106.00 | 137.00 | NOTE | |
r-oldrel-macos-arm64 | 1.0 | 41.00 | NOTE | |||
r-oldrel-macos-x86_64 | 1.0 | 63.00 | NOTE | |||
r-oldrel-windows-x86_64 | 1.0 | 34.00 | 116.00 | 150.00 | NOTE |
Version: 1.0
Check: CRAN incoming feasibility
Result: NOTE
Maintainer: ‘Kevin Donovan <kmdono02@ad.unc.edu>’
No Authors@R field in DESCRIPTION.
Please add one, modifying
Authors@R: person(given = "Kevin",
family = "Donovan",
role = c("aut", "cre"),
email = "kmdono02@ad.unc.edu")
as necessary.
Flavors: r-devel-linux-x86_64-debian-clang, r-devel-linux-x86_64-debian-gcc
Version: 1.0
Check: C++ specification
Result: NOTE
Specified C++11: please drop specification unless essential
Flavors: r-devel-linux-x86_64-debian-clang, r-devel-linux-x86_64-debian-gcc, r-devel-linux-x86_64-fedora-clang, r-devel-linux-x86_64-fedora-gcc, r-devel-windows-x86_64, r-patched-linux-x86_64, r-release-linux-x86_64, r-release-macos-arm64, r-release-macos-x86_64, r-release-windows-x86_64, r-oldrel-macos-arm64, r-oldrel-macos-x86_64, r-oldrel-windows-x86_64
Version: 1.0
Check: examples
Result: NOTE
Examples with CPU (user + system) or elapsed time > 5s
user system elapsed
LOD_bootstrap_fit 15.041 0.002 19.520
LOD_fit 8.891 0.008 10.762
lod_lm 8.405 0.000 11.096
coef.lod_lm 8.398 0.000 10.419
fitted.lod_lm 8.376 0.000 9.877
residuals.lod_lm 8.299 0.000 9.911
summary.lod_lm 8.298 0.000 10.036
Flavor: r-devel-linux-x86_64-debian-clang
Version: 1.0
Check: examples
Result: NA
user system elapsed
LOD_bootstrap_fit 5.807 0 6.379
OK
Flavor: r-devel-linux-x86_64-debian-gcc
These binaries (installable software) and packages are in development.
They may not be fully stable and should be used with caution. We make no claims about them.