Last updated on 2024-07-27 15:50:23 CEST.
Flavor | Version | Tinstall | Tcheck | Ttotal | Status | Flags |
---|---|---|---|---|---|---|
r-devel-linux-x86_64-debian-clang | 0.4.3 | 3.61 | 47.75 | 51.36 | OK | |
r-devel-linux-x86_64-debian-gcc | 0.4.3 | OK | ||||
r-devel-linux-x86_64-fedora-clang | 0.4.3 | 64.46 | OK | |||
r-devel-linux-x86_64-fedora-gcc | 0.4.3 | 83.23 | OK | |||
r-devel-windows-x86_64 | 0.4.3 | 6.00 | 65.00 | 71.00 | NOTE | |
r-patched-linux-x86_64 | 0.4.3 | OK | ||||
r-release-linux-x86_64 | 0.4.3 | 2.93 | 45.68 | 48.61 | OK | |
r-release-macos-arm64 | 0.4.3 | 34.00 | OK | |||
r-release-macos-x86_64 | 0.4.3 | 56.00 | OK | |||
r-release-windows-x86_64 | 0.4.3 | 6.00 | 64.00 | 70.00 | NOTE | |
r-oldrel-macos-arm64 | 0.4.3 | 36.00 | OK | |||
r-oldrel-macos-x86_64 | 0.4.3 | 52.00 | OK | |||
r-oldrel-windows-x86_64 | 0.4.3 | 7.00 | 67.00 | 74.00 | NOTE |
Version: 0.4.3
Check: package dependencies
Result: NOTE
Package suggested but not available for checking: 'rsyslog'
Flavors: r-devel-windows-x86_64, r-release-windows-x86_64, r-oldrel-windows-x86_64
These binaries (installable software) and packages are in development.
They may not be fully stable and should be used with caution. We make no claims about them.