Last updated on 2025-10-23 17:50:52 CEST.
Flavor | Version | Tinstall | Tcheck | Ttotal | Status | Flags |
---|---|---|---|---|---|---|
r-devel-linux-x86_64-debian-clang | 0.4.4 | 2.86 | 40.30 | 43.16 | OK | |
r-devel-linux-x86_64-debian-gcc | 0.4.4 | 2.22 | 32.30 | 34.52 | OK | |
r-devel-linux-x86_64-fedora-clang | 0.4.4 | 65.70 | OK | |||
r-devel-linux-x86_64-fedora-gcc | 0.4.4 | 84.95 | OK | |||
r-devel-windows-x86_64 | 0.4.4 | 5.00 | 72.00 | 77.00 | OK | |
r-patched-linux-x86_64 | 0.4.4 | 2.46 | 37.67 | 40.13 | OK | |
r-release-linux-x86_64 | 0.4.4 | 2.30 | 37.52 | 39.82 | OK | |
r-release-macos-arm64 | 0.4.4 | 4.00 | 93.00 | 97.00 | OK | |
r-release-macos-x86_64 | 0.4.4 | 4.00 | 70.00 | 74.00 | OK | |
r-release-windows-x86_64 | 0.4.4 | 6.00 | 71.00 | 77.00 | OK | |
r-oldrel-macos-arm64 | 0.4.4 | 3.00 | 39.00 | 42.00 | OK | |
r-oldrel-macos-x86_64 | 0.4.4 | 12.00 | 96.00 | 108.00 | OK | |
r-oldrel-windows-x86_64 | 0.4.4 | 10.00 | 81.00 | 91.00 | NOTE |
Version: 0.4.4
Check: package dependencies
Result: NOTE
Package suggested but not available for checking: 'rsyslog'
Flavor: r-oldrel-windows-x86_64
These binaries (installable software) and packages are in development.
They may not be fully stable and should be used with caution. We make no claims about them.