CRAN Package Check Results for Package log4r

Last updated on 2025-07-26 07:50:26 CEST.

Flavor Version Tinstall Tcheck Ttotal Status Flags
r-devel-linux-x86_64-debian-clang 0.4.4 2.97 39.26 42.23 OK
r-devel-linux-x86_64-debian-gcc 0.4.4 2.23 32.22 34.45 OK
r-devel-linux-x86_64-fedora-clang 0.4.4 68.45 OK
r-devel-linux-x86_64-fedora-gcc 0.4.4 85.90 OK
r-devel-windows-x86_64 0.4.4 7.00 71.00 78.00 OK
r-patched-linux-x86_64 0.4.4 2.85 36.24 39.09 OK
r-release-linux-x86_64 0.4.4 2.62 36.36 38.98 OK
r-release-macos-arm64 0.4.4 97.00 OK
r-release-macos-x86_64 0.4.4 74.00 OK
r-release-windows-x86_64 0.4.4 7.00 70.00 77.00 OK
r-oldrel-macos-arm64 0.4.4 42.00 OK
r-oldrel-macos-x86_64 0.4.4 108.00 OK
r-oldrel-windows-x86_64 0.4.4 6.00 79.00 85.00 NOTE

Check Details

Version: 0.4.4
Check: package dependencies
Result: NOTE Package suggested but not available for checking: 'rsyslog' Flavor: r-oldrel-windows-x86_64

These binaries (installable software) and packages are in development.
They may not be fully stable and should be used with caution. We make no claims about them.