Last updated on 2025-05-25 19:49:38 CEST.
Flavor | Version | Tinstall | Tcheck | Ttotal | Status | Flags |
---|---|---|---|---|---|---|
r-devel-linux-x86_64-debian-clang | 0.4.4 | 2.91 | 39.16 | 42.07 | OK | |
r-devel-linux-x86_64-debian-gcc | 0.4.4 | 2.30 | 30.41 | 32.71 | OK | |
r-devel-linux-x86_64-fedora-clang | 0.4.4 | 65.96 | OK | |||
r-devel-linux-x86_64-fedora-gcc | 0.4.4 | 85.25 | OK | |||
r-devel-windows-x86_64 | 0.4.4 | 6.00 | 72.00 | 78.00 | OK | |
r-patched-linux-x86_64 | 0.4.4 | 2.74 | 35.79 | 38.53 | OK | |
r-release-linux-x86_64 | 0.4.4 | 2.35 | 36.54 | 38.89 | OK | |
r-release-macos-arm64 | 0.4.4 | 97.00 | OK | |||
r-release-macos-x86_64 | 0.4.4 | 74.00 | OK | |||
r-release-windows-x86_64 | 0.4.4 | 7.00 | 71.00 | 78.00 | OK | |
r-oldrel-macos-arm64 | 0.4.4 | 42.00 | OK | |||
r-oldrel-macos-x86_64 | 0.4.4 | 108.00 | OK | |||
r-oldrel-windows-x86_64 | 0.4.4 | 7.00 | 76.00 | 83.00 | NOTE |
Version: 0.4.4
Check: package dependencies
Result: NOTE
Package suggested but not available for checking: 'rsyslog'
Flavor: r-oldrel-windows-x86_64
These binaries (installable software) and packages are in development.
They may not be fully stable and should be used with caution. We make no claims about them.