Last updated on 2025-02-16 08:50:51 CET.
Flavor | Version | Tinstall | Tcheck | Ttotal | Status | Flags |
---|---|---|---|---|---|---|
r-devel-linux-x86_64-debian-clang | 2.0.5 | 7.51 | 74.16 | 81.67 | NOTE | |
r-devel-linux-x86_64-debian-gcc | 2.0.5 | 6.22 | 50.43 | 56.65 | NOTE | |
r-devel-linux-x86_64-fedora-clang | 2.0.5 | 135.08 | OK | |||
r-devel-linux-x86_64-fedora-gcc | 2.0.5 | 122.20 | OK | |||
r-devel-macos-arm64 | 2.0.5 | 38.00 | OK | |||
r-devel-macos-x86_64 | 2.0.5 | 74.00 | OK | |||
r-devel-windows-x86_64 | 2.0.5 | 9.00 | 89.00 | 98.00 | NOTE | |
r-patched-linux-x86_64 | 2.0.5 | 12.53 | 70.21 | 82.74 | OK | |
r-release-linux-x86_64 | 2.0.5 | 8.53 | 70.71 | 79.24 | OK | |
r-release-macos-arm64 | 2.0.5 | 39.00 | OK | |||
r-release-macos-x86_64 | 2.0.5 | 60.00 | OK | |||
r-release-windows-x86_64 | 2.0.5 | 10.00 | 88.00 | 98.00 | OK | |
r-oldrel-macos-arm64 | 2.0.5 | 44.00 | OK | |||
r-oldrel-macos-x86_64 | 2.0.5 | 60.00 | OK | |||
r-oldrel-windows-x86_64 | 2.0.5 | 13.00 | 99.00 | 112.00 | OK |
Version: 2.0.5
Check: Rd cross-references
Result: NOTE
Found the following Rd file(s) with Rd \link{} targets missing package
anchors:
logbin-package.Rd: glm2-package
Please provide package anchors for all Rd \link{} targets not in the
package itself and the base packages.
Flavors: r-devel-linux-x86_64-debian-clang, r-devel-linux-x86_64-debian-gcc, r-devel-windows-x86_64
These binaries (installable software) and packages are in development.
They may not be fully stable and should be used with caution. We make no claims about them.