Last updated on 2024-07-27 15:50:23 CEST.
Flavor | Version | Tinstall | Tcheck | Ttotal | Status | Flags |
---|---|---|---|---|---|---|
r-devel-linux-x86_64-debian-clang | 0.3.0 | 3.02 | 68.25 | 71.27 | OK | |
r-devel-linux-x86_64-debian-gcc | 0.3.0 | OK | ||||
r-devel-linux-x86_64-fedora-clang | 0.3.0 | 90.68 | OK | |||
r-devel-linux-x86_64-fedora-gcc | 0.3.0 | 101.56 | OK | |||
r-devel-windows-x86_64 | 0.3.0 | 5.00 | 87.00 | 92.00 | NOTE | |
r-patched-linux-x86_64 | 0.3.0 | OK | ||||
r-release-linux-x86_64 | 0.3.0 | 2.79 | 63.96 | 66.75 | OK | |
r-release-macos-arm64 | 0.3.0 | 41.00 | OK | |||
r-release-macos-x86_64 | 0.3.0 | 65.00 | OK | |||
r-release-windows-x86_64 | 0.3.0 | 4.00 | 86.00 | 90.00 | NOTE | |
r-oldrel-macos-arm64 | 0.3.0 | 74.00 | OK | |||
r-oldrel-macos-x86_64 | 0.3.0 | 98.00 | OK | |||
r-oldrel-windows-x86_64 | 0.3.0 | 4.00 | 95.00 | 99.00 | NOTE |
Version: 0.3.0
Check: package dependencies
Result: NOTE
Package suggested but not available for checking: 'rsyslog'
Flavors: r-devel-windows-x86_64, r-release-windows-x86_64, r-oldrel-windows-x86_64
These binaries (installable software) and packages are in development.
They may not be fully stable and should be used with caution. We make no claims about them.