CRAN Package Check Results for Package logger

Last updated on 2025-05-08 04:52:09 CEST.

Flavor Version Tinstall Tcheck Ttotal Status Flags
r-devel-linux-x86_64-debian-clang 0.4.0 2.77 71.16 73.93 OK
r-devel-linux-x86_64-debian-gcc 0.4.0 2.32 54.88 57.20 OK
r-devel-linux-x86_64-fedora-clang 0.4.0 114.68 OK
r-devel-linux-x86_64-fedora-gcc 0.4.0 128.92 OK
r-devel-windows-x86_64 0.4.0 4.00 100.00 104.00 OK
r-patched-linux-x86_64 0.4.0 3.63 67.24 70.87 OK
r-release-linux-x86_64 0.4.0 2.59 67.22 69.81 OK
r-release-macos-arm64 0.4.0 50.00 OK
r-release-macos-x86_64 0.4.0 121.00 OK
r-release-windows-x86_64 0.4.0 4.00 100.00 104.00 OK
r-oldrel-macos-arm64 0.4.0 53.00 OK
r-oldrel-macos-x86_64 0.4.0 134.00 OK
r-oldrel-windows-x86_64 0.4.0 6.00 110.00 116.00 NOTE

Check Details

Version: 0.4.0
Check: package dependencies
Result: NOTE Package suggested but not available for checking: 'rsyslog' Flavor: r-oldrel-windows-x86_64

These binaries (installable software) and packages are in development.
They may not be fully stable and should be used with caution. We make no claims about them.