CRAN Package Check Results for Package logging

Last updated on 2025-10-23 17:50:52 CEST.

Flavor Version Tinstall Tcheck Ttotal Status Flags
r-devel-linux-x86_64-debian-clang 0.10-108 2.45 28.49 30.94 NOTE
r-devel-linux-x86_64-debian-gcc 0.10-108 1.82 22.07 23.89 OK
r-devel-linux-x86_64-fedora-clang 0.10-108 46.51 OK
r-devel-linux-x86_64-fedora-gcc 0.10-108 43.42 OK
r-devel-windows-x86_64 0.10-108 3.00 48.00 51.00 OK
r-patched-linux-x86_64 0.10-108 1.77 26.94 28.71 OK
r-release-linux-x86_64 0.10-108 2.34 26.72 29.06 OK
r-release-macos-arm64 0.10-108 1.00 20.00 21.00 OK
r-release-macos-x86_64 0.10-108 2.00 30.00 32.00 OK
r-release-windows-x86_64 0.10-108 3.00 48.00 51.00 OK
r-oldrel-macos-arm64 0.10-108 1.00 16.00 17.00 OK
r-oldrel-macos-x86_64 0.10-108 2.00 24.00 26.00 OK
r-oldrel-windows-x86_64 0.10-108 5.00 55.00 60.00 OK

Check Details

Version: 0.10-108
Check: HTML version of manual
Result: NOTE Found the following HTML validation problems: resetMsgComposer.html:46:1 (resetMsgComposer.Rd:10): Warning: missing </ul> before </div> Flavor: r-devel-linux-x86_64-debian-clang

These binaries (installable software) and packages are in development.
They may not be fully stable and should be used with caution. We make no claims about them.