CRAN Package Check Results for Package loggit

Last updated on 2025-10-24 05:50:45 CEST.

Flavor Version Tinstall Tcheck Ttotal Status Flags
r-devel-linux-x86_64-debian-clang 2.1.1 1.67 29.55 31.22 NOTE
r-devel-linux-x86_64-debian-gcc 2.1.1 1.45 23.31 24.76 OK
r-devel-linux-x86_64-fedora-clang 2.1.1 48.30 OK
r-devel-linux-x86_64-fedora-gcc 2.1.1 60.07 OK
r-devel-windows-x86_64 2.1.1 3.00 51.00 54.00 OK
r-patched-linux-x86_64 2.1.1 1.63 27.87 29.50 OK
r-release-linux-x86_64 2.1.1 1.78 27.75 29.53 OK
r-release-macos-arm64 2.1.1 1.00 33.00 34.00 OK
r-release-macos-x86_64 2.1.1 2.00 43.00 45.00 OK
r-release-windows-x86_64 2.1.1 3.00 52.00 55.00 OK
r-oldrel-macos-arm64 2.1.1 1.00 23.00 24.00 OK
r-oldrel-macos-x86_64 2.1.1 2.00 34.00 36.00 OK
r-oldrel-windows-x86_64 2.1.1 5.00 59.00 64.00 OK

Check Details

Version: 2.1.1
Check: HTML version of manual
Result: NOTE Found the following HTML validation problems: write_ndjson.html:61:1 (write_ndjson.Rd:19): Warning: missing </ul> before </div> Flavor: r-devel-linux-x86_64-debian-clang

These binaries (installable software) and packages are in development.
They may not be fully stable and should be used with caution. We make no claims about them.