Last updated on 2024-07-27 15:50:23 CEST.
Flavor | Version | Tinstall | Tcheck | Ttotal | Status | Flags |
---|---|---|---|---|---|---|
r-devel-linux-x86_64-debian-clang | 2.3.0 | 5.82 | 38.56 | 44.38 | OK | |
r-devel-linux-x86_64-debian-gcc | 2.3.1 | OK | ||||
r-devel-linux-x86_64-fedora-clang | 2.3.1 | 62.23 | OK | |||
r-devel-linux-x86_64-fedora-gcc | 2.3.1 | 72.45 | OK | |||
r-devel-windows-x86_64 | 2.3.1 | 10.00 | 62.00 | 72.00 | OK | |
r-patched-linux-x86_64 | 2.3.0 | OK | ||||
r-release-linux-x86_64 | 2.3.0 | 5.21 | 37.35 | 42.56 | OK | |
r-release-macos-arm64 | 2.3.1 | 43.00 | OK | |||
r-release-macos-x86_64 | 2.3.1 | 98.00 | OK | |||
r-release-windows-x86_64 | 2.3.1 | 11.00 | 64.00 | 75.00 | OK | |
r-oldrel-macos-arm64 | 2.3.1 | 36.00 | ERROR | |||
r-oldrel-macos-x86_64 | 2.3.1 | 76.00 | ERROR | |||
r-oldrel-windows-x86_64 | 2.3.1 | 12.00 | 68.00 | 80.00 | OK |
Version: 2.3.1
Check: running R code from vignettes
Result: ERROR
Errors in running code in vignettes:
when running code in ‘further_configurations.rmd’
...
+ .loggit = TRUE)
{"timestamp": "2024-07-27T10:00:11+1200", "log_lvl": "INFO", "log_msg": "This message will be logged, since .loggit = TRUE.\n"}
This message will be logged, since .loggit = TRUE.
> loggit2::stop("This error message will be logged because the log level is set to ERROR.")
{"timestamp": "2024-07-27T10:00:11+1200", "log_lvl": "ERROR", "log_msg": "This error message will be logged because the log level is set to ERROR."}
When sourcing ‘further_configurations.R’:
Error: This error message will be logged because the log level is set to ERROR.
Execution halted
when running code in ‘loggit2.Rmd’
...
> loggit2::warning("This is a warning")
{"timestamp": "2024-07-27T10:00:11+1200", "log_lvl": "WARN", "log_msg": "This is a warning"}
Warning in eval(ei, envir) : This is a warning
> base::stop("This is another error")
When sourcing ‘loggit2.R’:
Error: This is another error
Execution halted
‘further_configurations.rmd’ using ‘UTF-8’... failed
‘loggit2.Rmd’ using ‘UTF-8’... failed
Flavor: r-oldrel-macos-arm64
Version: 2.3.1
Check: running R code from vignettes
Result: ERROR
Errors in running code in vignettes:
when running code in ‘further_configurations.rmd’
...
+ .loggit = TRUE)
{"timestamp": "2024-07-27T05:29:05-0400", "log_lvl": "INFO", "log_msg": "This message will be logged, since .loggit = TRUE.\n"}
This message will be logged, since .loggit = TRUE.
> loggit2::stop("This error message will be logged because the log level is set to ERROR.")
{"timestamp": "2024-07-27T05:29:05-0400", "log_lvl": "ERROR", "log_msg": "This error message will be logged because the log level is set to ERROR."}
When sourcing ‘further_configurations.R’:
Error: This error message will be logged because the log level is set to ERROR.
Execution halted
when running code in ‘loggit2.Rmd’
...
> loggit2::warning("This is a warning")
{"timestamp": "2024-07-27T05:29:06-0400", "log_lvl": "WARN", "log_msg": "This is a warning"}
Warning in eval(ei, envir) : This is a warning
> base::stop("This is another error")
When sourcing ‘loggit2.R’:
Error: This is another error
Execution halted
‘further_configurations.rmd’ using ‘UTF-8’... failed
‘loggit2.Rmd’ using ‘UTF-8’... failed
Flavor: r-oldrel-macos-x86_64
These binaries (installable software) and packages are in development.
They may not be fully stable and should be used with caution. We make no claims about them.