Last updated on 2025-05-23 01:51:01 CEST.
Flavor | Version | Tinstall | Tcheck | Ttotal | Status | Flags |
---|---|---|---|---|---|---|
r-devel-linux-x86_64-debian-clang | 1.6 | 1.89 | 22.57 | 24.46 | NOTE | |
r-devel-linux-x86_64-debian-gcc | 1.6 | 1.73 | 18.24 | 19.97 | NOTE | |
r-devel-linux-x86_64-fedora-clang | 1.6 | 38.85 | OK | |||
r-devel-linux-x86_64-fedora-gcc | 1.6 | 37.03 | OK | |||
r-devel-windows-x86_64 | 1.6 | 4.00 | 91.00 | 95.00 | OK | |
r-patched-linux-x86_64 | 1.6 | 2.47 | 21.91 | 24.38 | OK | |
r-release-linux-x86_64 | 1.6 | 2.04 | 21.58 | 23.62 | OK | |
r-release-macos-arm64 | 1.6 | 20.00 | OK | |||
r-release-macos-x86_64 | 1.6 | 27.00 | OK | |||
r-release-windows-x86_64 | 1.6 | 3.00 | 79.00 | 82.00 | OK | |
r-oldrel-macos-arm64 | 1.6 | 16.00 | OK | |||
r-oldrel-macos-x86_64 | 1.6 | 22.00 | OK | |||
r-oldrel-windows-x86_64 | 1.6 | 3.00 | 48.00 | 51.00 | OK |
Version: 1.6
Check: CRAN incoming feasibility
Result: NOTE
Maintainer: ‘Zhiyong Zhang <johnnyzhz@gmail.com>’
No Authors@R field in DESCRIPTION.
Please add one, modifying
Authors@R: c(person(given = "Haiyan",
family = "Liu",
role = "aut"),
person(given = "Zhiyong",
family = "Zhang",
role = c("aut", "cre"),
email = "johnnyzhz@gmail.com"))
as necessary.
Flavors: r-devel-linux-x86_64-debian-clang, r-devel-linux-x86_64-debian-gcc
These binaries (installable software) and packages are in development.
They may not be fully stable and should be used with caution. We make no claims about them.