CRAN Package Check Results for Package logitnorm

Last updated on 2025-07-25 01:49:31 CEST.

Flavor Version Tinstall Tcheck Ttotal Status Flags
r-devel-linux-x86_64-debian-clang 0.8.39 1.96 29.99 31.95 NOTE
r-devel-linux-x86_64-debian-gcc 0.8.39 1.56 24.28 25.84 NOTE
r-devel-linux-x86_64-fedora-clang 0.8.39 50.35 OK
r-devel-linux-x86_64-fedora-gcc 0.8.39 66.81 OK
r-devel-windows-x86_64 0.8.39 4.00 55.00 59.00 OK
r-patched-linux-x86_64 0.8.39 2.01 28.81 30.82 OK
r-release-linux-x86_64 0.8.39 1.84 28.55 30.39 OK
r-release-macos-arm64 0.8.39 26.00 OK
r-release-macos-x86_64 0.8.39 74.00 OK
r-release-windows-x86_64 0.8.39 4.00 51.00 55.00 OK
r-oldrel-macos-arm64 0.8.39 30.00 OK
r-oldrel-macos-x86_64 0.8.39 53.00 OK
r-oldrel-windows-x86_64 0.8.39 3.00 58.00 61.00 OK

Check Details

Version: 0.8.39
Check: CRAN incoming feasibility
Result: NOTE Maintainer: ‘Thomas Wutzler <twutz@bgc-jena.mpg.de>’ No Authors@R field in DESCRIPTION. Please add one, modifying Authors@R: person(given = "Thomas", family = "Wutzler", role = c("aut", "cre"), email = "twutz@bgc-jena.mpg.de") as necessary. Flavors: r-devel-linux-x86_64-debian-clang, r-devel-linux-x86_64-debian-gcc

These binaries (installable software) and packages are in development.
They may not be fully stable and should be used with caution. We make no claims about them.