Last updated on 2025-05-01 15:49:35 CEST.
Flavor | Version | Tinstall | Tcheck | Ttotal | Status | Flags |
---|---|---|---|---|---|---|
r-devel-linux-x86_64-debian-clang | 0.1.10 | 6.62 | 81.48 | 88.10 | NOTE | |
r-devel-linux-x86_64-debian-gcc | 0.1.10 | 4.66 | 62.60 | 67.26 | NOTE | |
r-devel-linux-x86_64-fedora-clang | 0.1.10 | 137.40 | OK | |||
r-devel-linux-x86_64-fedora-gcc | 0.1.10 | 143.75 | OK | |||
r-devel-windows-x86_64 | 0.1.10 | 7.00 | 95.00 | 102.00 | OK | |
r-patched-linux-x86_64 | 0.1.10 | 6.41 | 79.17 | 85.58 | OK | |
r-release-linux-x86_64 | OK | |||||
r-release-macos-arm64 | 0.1.10 | 67.00 | OK | |||
r-release-macos-x86_64 | 0.1.10 | 94.00 | OK | |||
r-release-windows-x86_64 | 0.1.10 | 7.00 | 99.00 | 106.00 | OK | |
r-oldrel-macos-arm64 | 0.1.10 | 47.00 | OK | |||
r-oldrel-macos-x86_64 | 0.1.10 | 76.00 | OK | |||
r-oldrel-windows-x86_64 | 0.1.10 | 9.00 | 117.00 | 126.00 | OK |
Version: 0.1.10
Check: CRAN incoming feasibility
Result: NOTE
Maintainer: ‘Thomas Wutzler <twutz@bgc-jena.mpg.de>’
No Authors@R field in DESCRIPTION.
Please add one, modifying
Authors@R: person(given = "Thomas",
family = "Wutzler",
role = c("aut", "cre"),
email = "twutz@bgc-jena.mpg.de")
as necessary.
Flavors: r-devel-linux-x86_64-debian-clang, r-devel-linux-x86_64-debian-gcc
These binaries (installable software) and packages are in development.
They may not be fully stable and should be used with caution. We make no claims about them.