CRAN Package Check Results for Package longRPart2

Last updated on 2025-07-12 19:50:04 CEST.

Flavor Version Tinstall Tcheck Ttotal Status Flags
r-devel-linux-x86_64-debian-clang 0.2.3 7.62 50.13 57.75 NOTE
r-devel-linux-x86_64-debian-gcc 0.2.3 5.73 36.72 42.45 NOTE
r-devel-linux-x86_64-fedora-clang 0.2.3 91.04 OK
r-devel-linux-x86_64-fedora-gcc 0.2.3 85.53 OK
r-devel-windows-x86_64 0.2.3 10.00 65.00 75.00 OK
r-patched-linux-x86_64 0.2.3 7.89 46.63 54.52 OK
r-release-linux-x86_64 0.2.3 7.52 47.34 54.86 OK
r-release-macos-arm64 0.2.3 34.00 OK
r-release-macos-x86_64 0.2.3 48.00 OK
r-release-windows-x86_64 0.2.3 10.00 66.00 76.00 OK
r-oldrel-macos-arm64 0.2.3 28.00 OK
r-oldrel-macos-x86_64 0.2.3 45.00 OK
r-oldrel-windows-x86_64 0.2.3 12.00 78.00 90.00 OK

Check Details

Version: 0.2.3
Check: CRAN incoming feasibility
Result: NOTE Maintainer: ‘Ross Jacobucci <rcjacobuc@gmail.com>’ No Authors@R field in DESCRIPTION. Please add one, modifying Authors@R: c(person(given = "Ross", family = "Jacobucci", role = c("aut", "cre"), email = "rcjacobuc@gmail.com"), person(given = "Sam", family = "Stewart", role = "aut"), person(given = "Mohamed", family = "Abdolell", role = "aut"), person(given = "Sarfaraz", family = "Serang", role = "ctb"), person(given = "Gabriela", family = "Stegmann", role = "ctb")) as necessary. Flavors: r-devel-linux-x86_64-debian-clang, r-devel-linux-x86_64-debian-gcc

These binaries (installable software) and packages are in development.
They may not be fully stable and should be used with caution. We make no claims about them.