CRAN Package Check Results for Package longevity

Last updated on 2025-11-06 11:49:47 CET.

Flavor Version Tinstall Tcheck Ttotal Status Flags
r-devel-linux-x86_64-debian-clang 1.2.2 31.75 125.04 156.79 OK
r-devel-linux-x86_64-debian-gcc 1.2.2 19.90 86.39 106.29 OK
r-devel-linux-x86_64-fedora-clang 1.2.2 61.00 207.23 268.23 OK
r-devel-linux-x86_64-fedora-gcc 1.2.2 52.00 220.04 272.04 OK
r-devel-windows-x86_64 1.2.2 41.00 154.00 195.00 OK
r-patched-linux-x86_64 1.2.2 36.15 118.97 155.12 OK
r-release-linux-x86_64 1.2.2 35.97 119.78 155.75 OK
r-release-macos-arm64 1.2.2 14.00 56.00 70.00 OK
r-release-macos-x86_64 1.2.2 31.00 114.00 145.00 OK
r-release-windows-x86_64 1.2.2 40.00 159.00 199.00 OK
r-oldrel-macos-arm64 1.2.2 15.00 62.00 77.00 NOTE
r-oldrel-macos-x86_64 1.2.2 34.00 78.00 112.00 NOTE
r-oldrel-windows-x86_64 1.2.2 49.00 192.00 241.00 OK

Check Details

Version: 1.2.2
Check: installed package size
Result: NOTE installed size is 6.5Mb sub-directories of 1Mb or more: data 4.0Mb libs 1.8Mb Flavors: r-oldrel-macos-arm64, r-oldrel-macos-x86_64

These binaries (installable software) and packages are in development.
They may not be fully stable and should be used with caution. We make no claims about them.