Last updated on 2025-05-22 06:51:49 CEST.
Flavor | Version | Tinstall | Tcheck | Ttotal | Status | Flags |
---|---|---|---|---|---|---|
r-devel-linux-x86_64-debian-clang | 0.1.0 | 10.04 | 91.86 | 101.90 | OK | |
r-devel-linux-x86_64-debian-gcc | 0.1.0 | 7.42 | 67.10 | 74.52 | OK | |
r-devel-linux-x86_64-fedora-clang | 0.1.0 | 160.75 | NOTE | |||
r-devel-linux-x86_64-fedora-gcc | 0.1.0 | 153.69 | NOTE | |||
r-devel-windows-x86_64 | 0.1.0 | 12.00 | 119.00 | 131.00 | OK | |
r-patched-linux-x86_64 | 0.1.0 | 10.06 | 88.21 | 98.27 | OK | |
r-release-linux-x86_64 | 0.1.0 | 10.54 | 88.19 | 98.73 | OK | |
r-release-macos-arm64 | 0.1.0 | 53.00 | OK | |||
r-release-macos-x86_64 | 0.1.0 | 117.00 | OK | |||
r-release-windows-x86_64 | 0.1.0 | 13.00 | 134.00 | 147.00 | OK | |
r-oldrel-macos-arm64 | 0.1.0 | 41.00 | OK | |||
r-oldrel-macos-x86_64 | 0.1.0 | 65.00 | OK | |||
r-oldrel-windows-x86_64 | 0.1.0 | 16.00 | 122.00 | 138.00 | OK |
Version: 0.1.0
Check: dependencies in R code
Result: NOTE
Namespace in Imports field not imported from: ‘utils’
All declared Imports should be used.
Flavors: r-devel-linux-x86_64-fedora-clang, r-devel-linux-x86_64-fedora-gcc
These binaries (installable software) and packages are in development.
They may not be fully stable and should be used with caution. We make no claims about them.