CRAN Package Check Results for Package longitudinal

Last updated on 2025-10-04 15:48:47 CEST.

Flavor Version Tinstall Tcheck Ttotal Status Flags
r-devel-linux-x86_64-debian-clang 1.1.13 1.92 22.09 24.01 NOTE
r-devel-linux-x86_64-debian-gcc 1.1.13 1.54 17.96 19.50 NOTE
r-devel-linux-x86_64-fedora-clang 1.1.13 35.17 OK
r-devel-linux-x86_64-fedora-gcc 1.1.13 34.35 OK
r-devel-windows-x86_64 1.1.13 2.00 42.00 44.00 OK
r-patched-linux-x86_64 1.1.13 2.20 21.05 23.25 OK
r-release-linux-x86_64 1.1.13 1.88 20.71 22.59 OK
r-release-macos-arm64 1.1.13 16.00 OK
r-release-macos-x86_64 1.1.13 28.00 OK
r-release-windows-x86_64 1.1.13 4.00 48.00 52.00 OK
r-oldrel-macos-arm64 1.1.13 21.00 OK
r-oldrel-macos-x86_64 1.1.13 28.00 OK
r-oldrel-windows-x86_64 1.1.13 3.00 41.00 44.00 OK

Check Details

Version: 1.1.13
Check: CRAN incoming feasibility
Result: NOTE Maintainer: ‘Korbinian Strimmer <strimmerlab@gmail.com>’ No Authors@R field in DESCRIPTION. Please add one, modifying Authors@R: c(person(given = "Rainer", family = "Opgen-Rhein", role = "aut"), person(given = "Korbinian", family = "Strimmer.", role = "aut"), person(given = "Korbinian", family = "Strimmer", role = "cre", email = "strimmerlab@gmail.com")) as necessary. Flavors: r-devel-linux-x86_64-debian-clang, r-devel-linux-x86_64-debian-gcc

These binaries (installable software) and packages are in development.
They may not be fully stable and should be used with caution. We make no claims about them.