Last updated on 2025-05-01 14:49:14 CEST.
Flavor | Version | Tinstall | Tcheck | Ttotal | Status | Flags |
---|---|---|---|---|---|---|
r-devel-linux-x86_64-debian-clang | 0.2 | 6.09 | 39.31 | 45.40 | NOTE | |
r-devel-linux-x86_64-debian-gcc | 0.2 | 4.31 | 28.33 | 32.64 | NOTE | |
r-devel-linux-x86_64-fedora-clang | 0.2 | 73.32 | OK | |||
r-devel-linux-x86_64-fedora-gcc | 0.2 | 68.52 | OK | |||
r-devel-windows-x86_64 | 0.2 | 7.00 | 58.00 | 65.00 | OK | |
r-patched-linux-x86_64 | 0.2 | 6.28 | 37.47 | 43.75 | OK | |
r-release-linux-x86_64 | OK | |||||
r-release-macos-arm64 | 0.2 | 29.00 | OK | |||
r-release-macos-x86_64 | 0.2 | 41.00 | OK | |||
r-release-windows-x86_64 | 0.2 | 8.00 | 61.00 | 69.00 | OK | |
r-oldrel-macos-arm64 | 0.2 | 24.00 | OK | |||
r-oldrel-macos-x86_64 | 0.2 | 34.00 | OK | |||
r-oldrel-windows-x86_64 | 0.2 | 8.00 | 64.00 | 72.00 | OK |
Version: 0.2
Check: CRAN incoming feasibility
Result: NOTE
Maintainer: ‘Zhuowei Sun <sunzw21@mails.jlu.edu.cn>’
The Description field contains
this package: Sun, Z. et al. (2023) <arXiv:2305.17715> and Liu, C. et
al. (2023) <arXiv:2305.17662>.
Please refer to arXiv e-prints via their arXiv DOI <doi:10.48550/arXiv.YYMM.NNNNN>.
Flavors: r-devel-linux-x86_64-debian-clang, r-devel-linux-x86_64-debian-gcc
These binaries (installable software) and packages are in development.
They may not be fully stable and should be used with caution. We make no claims about them.